{"id":62,"date":"2020-04-15T01:45:04","date_gmt":"2020-04-14T23:45:04","guid":{"rendered":"https:\/\/www.eglise-senartdraveil.fr\/?page_id=62"},"modified":"2020-06-15T15:53:37","modified_gmt":"2020-06-15T13:53:37","slug":"contacts","status":"publish","type":"page","link":"https:\/\/www.eglise-senartdraveil.fr\/index.php\/contacts\/","title":{"rendered":"Contacts"},"content":{"rendered":"\n<p>Annuaire du secteur, et formulaire de contact.<\/p>\n\n\n\n\n<div class=\"wpcf7 no-js\" id=\"wpcf7-f343-o1\" lang=\"fr-FR\" dir=\"ltr\" data-wpcf7-id=\"343\">\n<div class=\"screen-reader-response\"><p role=\"status\" aria-live=\"polite\" aria-atomic=\"true\"><\/p> <ul><\/ul><\/div>\n<form action=\"\/index.php\/wp-json\/wp\/v2\/pages\/62#wpcf7-f343-o1\" method=\"post\" class=\"wpcf7-form init\" aria-label=\"Formulaire de contact\" enctype=\"multipart\/form-data\" novalidate=\"novalidate\" data-status=\"init\">\n<fieldset class=\"hidden-fields-container\"><input type=\"hidden\" name=\"_wpcf7\" value=\"343\" \/><input type=\"hidden\" name=\"_wpcf7_version\" value=\"6.1.1\" \/><input type=\"hidden\" name=\"_wpcf7_locale\" value=\"fr_FR\" \/><input type=\"hidden\" name=\"_wpcf7_unit_tag\" value=\"wpcf7-f343-o1\" \/><input type=\"hidden\" name=\"_wpcf7_container_post\" value=\"0\" \/><input type=\"hidden\" name=\"_wpcf7_posted_data_hash\" value=\"\" \/>\n<\/fieldset>\n<p><label> <b>Votre destinataire<\/b> : <span class=\"wpcf7-form-control-wrap\" data-name=\"your-recipient\"><select class=\"wpcf7-form-control wpcf7-select wpcf7-validates-as-required\" aria-required=\"true\" aria-invalid=\"false\" name=\"your-recipient\"><option value=\"Paroisse de Draveil\">Paroisse de Draveil<\/option><option value=\"Paroisse de Soisy\">Paroisse de Soisy<\/option><option value=\"Paroisse de Vigneux\">Paroisse de Vigneux<\/option><option value=\"P\u00e8re Lin-Michel LINO OKOKO\">P\u00e8re Lin-Michel LINO OKOKO<\/option><option value=\"P\u00e8re Mathurin Gillchrist ALLADJIGANDE\">P\u00e8re Mathurin Gillchrist ALLADJIGANDE<\/option><option value=\"P\u00e8re Lucien ZOMAHOUN\">P\u00e8re Lucien ZOMAHOUN<\/option><option value=\"Diacre Franck PILLARD (mariage, synode)\">Diacre Franck PILLARD (mariage, synode)<\/option><option value=\"Madame Doriane LEBIGRE (communication secteur)\">Madame Doriane LEBIGRE (communication secteur)<\/option><option value=\"Madame Dominique DATRIER (solidarit\u00e9, \u00e9cologie)\">Madame Dominique DATRIER (solidarit\u00e9, \u00e9cologie)<\/option><option value=\"Madame Florence COLLAY (aum\u00f4nerie des h\u00f4pitaux)\">Madame Florence COLLAY (aum\u00f4nerie des h\u00f4pitaux)<\/option><option value=\"Madame Gloria MARTINS (cat\u00e9ch\u00e8se)\">Madame Gloria MARTINS (cat\u00e9ch\u00e8se)<\/option><option value=\"Madame Odile ROUVILLAIN (cat\u00e9ch\u00e8se sp\u00e9cialis\u00e9e)\">Madame Odile ROUVILLAIN (cat\u00e9ch\u00e8se sp\u00e9cialis\u00e9e)<\/option><option value=\"Monsieur Filipe ALVES (aum\u00f4nerie)\">Monsieur Filipe ALVES (aum\u00f4nerie)<\/option><option value=\"\u00c9quipe Bapt\u00eame Soisy\">\u00c9quipe Bapt\u00eame Soisy<\/option><option value=\"Webmestre\">Webmestre<\/option><\/select><\/span> <\/label>\n<\/p>\n<p><label> Votre nom*<br \/>\n<span class=\"wpcf7-form-control-wrap\" data-name=\"your-name\"><input size=\"10\" maxlength=\"400\" class=\"wpcf7-form-control wpcf7-text wpcf7-validates-as-required\" aria-required=\"true\" aria-invalid=\"false\" value=\"\" type=\"text\" name=\"your-name\" \/><\/span> <\/label>\n<\/p>\n<p><label> Votre email*<br \/>\n<span class=\"wpcf7-form-control-wrap\" data-name=\"your-email\"><input size=\"40\" maxlength=\"400\" class=\"wpcf7-form-control wpcf7-email wpcf7-validates-as-required wpcf7-text wpcf7-validates-as-email\" aria-required=\"true\" aria-invalid=\"false\" value=\"\" type=\"email\" name=\"your-email\" \/><\/span> <\/label>\n<\/p>\n<p><label> Objet<br \/>\n<span class=\"wpcf7-form-control-wrap\" data-name=\"your-subject\"><input size=\"40\" maxlength=\"400\" class=\"wpcf7-form-control wpcf7-text\" aria-invalid=\"false\" value=\"\" type=\"text\" name=\"your-subject\" \/><\/span> <\/label>\n<\/p>\n<p><label> Votre Message<br \/>\n<span class=\"wpcf7-form-control-wrap\" data-name=\"your-message\"><textarea cols=\"40\" rows=\"10\" maxlength=\"2000\" class=\"wpcf7-form-control wpcf7-textarea\" aria-invalid=\"false\" name=\"your-message\"><\/textarea><\/span> <\/label>\n<\/p>\n<p><div id=\"cf7sr-69f4778471f79\" class=\"cf7sr-g-recaptcha\" data-theme=\"light\" data-type=\"image\" data-size=\"normal\" data-sitekey=\"6Ldxz80ZAAAAALzvIWPJMhalyeGAN1ZyFfiO4vOh\"><\/div><span class=\"wpcf7-form-control-wrap cf7sr-recaptcha\" data-name=\"cf7sr-recaptcha\"><input type=\"hidden\" name=\"cf7sr-recaptcha\" value=\"\" class=\"wpcf7-form-control\"><\/span>\n<\/p>\n<p><label> Pi\u00e8ce jointe : <span class=\"wpcf7-form-control-wrap\" data-name=\"your-file\"><input size=\"40\" class=\"wpcf7-form-control wpcf7-file\" accept=\"audio\/*,video\/*,image\/*\" aria-invalid=\"false\" type=\"file\" name=\"your-file\" \/><\/span><\/label><input class=\"wpcf7-form-control wpcf7-submit has-spinner\" type=\"submit\" value=\"Envoyer\" \/><br \/>\n*champs obligatoires\n<\/p><div class=\"wpcf7-response-output\" aria-hidden=\"true\"><\/div>\n<\/form>\n<\/div>\n\n\n\n\n<p><\/p>\n","protected":false},"excerpt":{"rendered":"<p>Annuaire du secteur, et formulaire de contact.<\/p>\n","protected":false},"author":1,"featured_media":0,"parent":0,"menu_order":0,"comment_status":"closed","ping_status":"closed","template":"page-templates\/contact.php","meta":{"footnotes":""},"class_list":["post-62","page","type-page","status-publish","hentry"],"yoast_head":"<!-- This site is optimized with the Yoast SEO plugin v25.8 - https:\/\/yoast.com\/wordpress\/plugins\/seo\/ -->\n<title>Contacts - Secteur pastoral de Draveil - St-Jean-Paul II<\/title>\n<meta name=\"robots\" content=\"index, follow, max-snippet:-1, max-image-preview:large, max-video-preview:-1\" \/>\n<link rel=\"canonical\" href=\"https:\/\/www.eglise-senartdraveil.fr\/index.php\/contacts\/\" \/>\n<meta property=\"og:locale\" content=\"fr_FR\" \/>\n<meta property=\"og:type\" content=\"article\" \/>\n<meta property=\"og:title\" content=\"Contacts - Secteur pastoral de Draveil - St-Jean-Paul II\" \/>\n<meta property=\"og:description\" content=\"Annuaire du secteur, et formulaire de contact.\" \/>\n<meta property=\"og:url\" content=\"https:\/\/www.eglise-senartdraveil.fr\/index.php\/contacts\/\" \/>\n<meta property=\"og:site_name\" content=\"Secteur pastoral de Draveil - St-Jean-Paul II\" \/>\n<meta property=\"article:modified_time\" content=\"2020-06-15T13:53:37+00:00\" \/>\n<meta name=\"twitter:card\" content=\"summary_large_image\" \/>\n<script type=\"application\/ld+json\" class=\"yoast-schema-graph\">{\"@context\":\"https:\/\/schema.org\",\"@graph\":[{\"@type\":\"WebPage\",\"@id\":\"https:\/\/www.eglise-senartdraveil.fr\/index.php\/contacts\/\",\"url\":\"https:\/\/www.eglise-senartdraveil.fr\/index.php\/contacts\/\",\"name\":\"Contacts - Secteur pastoral de Draveil - St-Jean-Paul II\",\"isPartOf\":{\"@id\":\"https:\/\/www.eglise-senartdraveil.fr\/#website\"},\"datePublished\":\"2020-04-14T23:45:04+00:00\",\"dateModified\":\"2020-06-15T13:53:37+00:00\",\"breadcrumb\":{\"@id\":\"https:\/\/www.eglise-senartdraveil.fr\/index.php\/contacts\/#breadcrumb\"},\"inLanguage\":\"fr-FR\",\"potentialAction\":[{\"@type\":\"ReadAction\",\"target\":[\"https:\/\/www.eglise-senartdraveil.fr\/index.php\/contacts\/\"]}]},{\"@type\":\"BreadcrumbList\",\"@id\":\"https:\/\/www.eglise-senartdraveil.fr\/index.php\/contacts\/#breadcrumb\",\"itemListElement\":[{\"@type\":\"ListItem\",\"position\":1,\"name\":\"Home\",\"item\":\"https:\/\/www.eglise-senartdraveil.fr\/\"},{\"@type\":\"ListItem\",\"position\":2,\"name\":\"Contacts\"}]},{\"@type\":\"WebSite\",\"@id\":\"https:\/\/www.eglise-senartdraveil.fr\/#website\",\"url\":\"https:\/\/www.eglise-senartdraveil.fr\/\",\"name\":\"Secteur pastoral de Draveil - St-Jean-Paul II\",\"description\":\"\",\"potentialAction\":[{\"@type\":\"SearchAction\",\"target\":{\"@type\":\"EntryPoint\",\"urlTemplate\":\"https:\/\/www.eglise-senartdraveil.fr\/?s={search_term_string}\"},\"query-input\":{\"@type\":\"PropertyValueSpecification\",\"valueRequired\":true,\"valueName\":\"search_term_string\"}}],\"inLanguage\":\"fr-FR\"}]}<\/script>\n<!-- \/ Yoast SEO plugin. -->","yoast_head_json":{"title":"Contacts - Secteur pastoral de Draveil - St-Jean-Paul II","robots":{"index":"index","follow":"follow","max-snippet":"max-snippet:-1","max-image-preview":"max-image-preview:large","max-video-preview":"max-video-preview:-1"},"canonical":"https:\/\/www.eglise-senartdraveil.fr\/index.php\/contacts\/","og_locale":"fr_FR","og_type":"article","og_title":"Contacts - Secteur pastoral de Draveil - St-Jean-Paul II","og_description":"Annuaire du secteur, et formulaire de contact.","og_url":"https:\/\/www.eglise-senartdraveil.fr\/index.php\/contacts\/","og_site_name":"Secteur pastoral de Draveil - St-Jean-Paul II","article_modified_time":"2020-06-15T13:53:37+00:00","twitter_card":"summary_large_image","schema":{"@context":"https:\/\/schema.org","@graph":[{"@type":"WebPage","@id":"https:\/\/www.eglise-senartdraveil.fr\/index.php\/contacts\/","url":"https:\/\/www.eglise-senartdraveil.fr\/index.php\/contacts\/","name":"Contacts - Secteur pastoral de Draveil - St-Jean-Paul II","isPartOf":{"@id":"https:\/\/www.eglise-senartdraveil.fr\/#website"},"datePublished":"2020-04-14T23:45:04+00:00","dateModified":"2020-06-15T13:53:37+00:00","breadcrumb":{"@id":"https:\/\/www.eglise-senartdraveil.fr\/index.php\/contacts\/#breadcrumb"},"inLanguage":"fr-FR","potentialAction":[{"@type":"ReadAction","target":["https:\/\/www.eglise-senartdraveil.fr\/index.php\/contacts\/"]}]},{"@type":"BreadcrumbList","@id":"https:\/\/www.eglise-senartdraveil.fr\/index.php\/contacts\/#breadcrumb","itemListElement":[{"@type":"ListItem","position":1,"name":"Home","item":"https:\/\/www.eglise-senartdraveil.fr\/"},{"@type":"ListItem","position":2,"name":"Contacts"}]},{"@type":"WebSite","@id":"https:\/\/www.eglise-senartdraveil.fr\/#website","url":"https:\/\/www.eglise-senartdraveil.fr\/","name":"Secteur pastoral de Draveil - St-Jean-Paul II","description":"","potentialAction":[{"@type":"SearchAction","target":{"@type":"EntryPoint","urlTemplate":"https:\/\/www.eglise-senartdraveil.fr\/?s={search_term_string}"},"query-input":{"@type":"PropertyValueSpecification","valueRequired":true,"valueName":"search_term_string"}}],"inLanguage":"fr-FR"}]}},"_links":{"self":[{"href":"https:\/\/www.eglise-senartdraveil.fr\/index.php\/wp-json\/wp\/v2\/pages\/62","targetHints":{"allow":["GET"]}}],"collection":[{"href":"https:\/\/www.eglise-senartdraveil.fr\/index.php\/wp-json\/wp\/v2\/pages"}],"about":[{"href":"https:\/\/www.eglise-senartdraveil.fr\/index.php\/wp-json\/wp\/v2\/types\/page"}],"author":[{"embeddable":true,"href":"https:\/\/www.eglise-senartdraveil.fr\/index.php\/wp-json\/wp\/v2\/users\/1"}],"replies":[{"embeddable":true,"href":"https:\/\/www.eglise-senartdraveil.fr\/index.php\/wp-json\/wp\/v2\/comments?post=62"}],"version-history":[{"count":3,"href":"https:\/\/www.eglise-senartdraveil.fr\/index.php\/wp-json\/wp\/v2\/pages\/62\/revisions"}],"predecessor-version":[{"id":344,"href":"https:\/\/www.eglise-senartdraveil.fr\/index.php\/wp-json\/wp\/v2\/pages\/62\/revisions\/344"}],"wp:attachment":[{"href":"https:\/\/www.eglise-senartdraveil.fr\/index.php\/wp-json\/wp\/v2\/media?parent=62"}],"curies":[{"name":"wp","href":"https:\/\/api.w.org\/{rel}","templated":true}]}}

<p>Annuaire du secteur, et formulaire de contact.</p>




<div class="wpcf7 no-js" id="wpcf7-f343-o1" lang="fr-FR" dir="ltr" data-wpcf7-id="343">
<div class="screen-reader-response"><p role="status" aria-live="polite" aria-atomic="true"></p> <ul></ul></div>
<form action="/index.php/wp-json/wp/v2/pages/62#wpcf7-f343-o1" method="post" class="wpcf7-form init" aria-label="Formulaire de contact" enctype="multipart/form-data" novalidate="novalidate" data-status="init">
<fieldset class="hidden-fields-container"><input type="hidden" name="_wpcf7" value="343" /><input type="hidden" name="_wpcf7_version" value="6.1.1" /><input type="hidden" name="_wpcf7_locale" value="fr_FR" /><input type="hidden" name="_wpcf7_unit_tag" value="wpcf7-f343-o1" /><input type="hidden" name="_wpcf7_container_post" value="0" /><input type="hidden" name="_wpcf7_posted_data_hash" value="" />
</fieldset>
<p><label> <b>Votre destinataire</b> : <span class="wpcf7-form-control-wrap" data-name="your-recipient"><select class="wpcf7-form-control wpcf7-select wpcf7-validates-as-required" aria-required="true" aria-invalid="false" name="your-recipient"><option value="Paroisse de Draveil">Paroisse de Draveil</option><option value="Paroisse de Soisy">Paroisse de Soisy</option><option value="Paroisse de Vigneux">Paroisse de Vigneux</option><option value="Père Lin-Michel LINO OKOKO">Père Lin-Michel LINO OKOKO</option><option value="Père Mathurin Gillchrist ALLADJIGANDE">Père Mathurin Gillchrist ALLADJIGANDE</option><option value="Père Lucien ZOMAHOUN">Père Lucien ZOMAHOUN</option><option value="Diacre Franck PILLARD (mariage, synode)">Diacre Franck PILLARD (mariage, synode)</option><option value="Madame Doriane LEBIGRE (communication secteur)">Madame Doriane LEBIGRE (communication secteur)</option><option value="Madame Dominique DATRIER (solidarité, écologie)">Madame Dominique DATRIER (solidarité, écologie)</option><option value="Madame Florence COLLAY (aumônerie des hôpitaux)">Madame Florence COLLAY (aumônerie des hôpitaux)</option><option value="Madame Gloria MARTINS (catéchèse)">Madame Gloria MARTINS (catéchèse)</option><option value="Madame Odile ROUVILLAIN (catéchèse spécialisée)">Madame Odile ROUVILLAIN (catéchèse spécialisée)</option><option value="Monsieur Filipe ALVES (aumônerie)">Monsieur Filipe ALVES (aumônerie)</option><option value="Équipe Baptême Soisy">Équipe Baptême Soisy</option><option value="Webmestre">Webmestre</option></select></span> </label>
</p>
<p><label> Votre nom*<br />
<span class="wpcf7-form-control-wrap" data-name="your-name"><input size="10" maxlength="400" class="wpcf7-form-control wpcf7-text wpcf7-validates-as-required" aria-required="true" aria-invalid="false" value="" type="text" name="your-name" /></span> </label>
</p>
<p><label> Votre email*<br />
<span class="wpcf7-form-control-wrap" data-name="your-email"><input size="40" maxlength="400" class="wpcf7-form-control wpcf7-email wpcf7-validates-as-required wpcf7-text wpcf7-validates-as-email" aria-required="true" aria-invalid="false" value="" type="email" name="your-email" /></span> </label>
</p>
<p><label> Objet<br />
<span class="wpcf7-form-control-wrap" data-name="your-subject"><input size="40" maxlength="400" class="wpcf7-form-control wpcf7-text" aria-invalid="false" value="" type="text" name="your-subject" /></span> </label>
</p>
<p><label> Votre Message<br />
<span class="wpcf7-form-control-wrap" data-name="your-message"><textarea cols="40" rows="10" maxlength="2000" class="wpcf7-form-control wpcf7-textarea" aria-invalid="false" name="your-message"></textarea></span> </label>
</p>
<p><div id="cf7sr-69f4778471f79" class="cf7sr-g-recaptcha" data-theme="light" data-type="image" data-size="normal" data-sitekey="6Ldxz80ZAAAAALzvIWPJMhalyeGAN1ZyFfiO4vOh"></div><span class="wpcf7-form-control-wrap cf7sr-recaptcha" data-name="cf7sr-recaptcha"><input type="hidden" name="cf7sr-recaptcha" value="" class="wpcf7-form-control"></span>
</p>
<p><label> Pièce jointe : <span class="wpcf7-form-control-wrap" data-name="your-file"><input size="40" class="wpcf7-form-control wpcf7-file" accept="audio/*,video/*,image/*" aria-invalid="false" type="file" name="your-file" /></span></label><input class="wpcf7-form-control wpcf7-submit has-spinner" type="submit" value="Envoyer" /><br />
*champs obligatoires
</p><div class="wpcf7-response-output" aria-hidden="true"></div>
</form>
</div>




<p></p>
