{"id":326,"date":"2020-05-09T00:09:44","date_gmt":"2020-05-08T22:09:44","guid":{"rendered":"https:\/\/www.eglise-senartdraveil.fr\/?page_id=326"},"modified":"2020-09-08T21:09:36","modified_gmt":"2020-09-08T19:09:36","slug":"evenements","status":"publish","type":"page","link":"https:\/\/www.eglise-senartdraveil.fr\/index.php\/evenements\/","title":{"rendered":"Actualit\u00e9s"},"content":{"rendered":"\n<div class=\"mec-wrap mec-skin-grid-container  \" id=\"mec_skin_328\">\n    \n    <div id=\"mec_search_form_328\" class=\"mec-search-form mec-totalcal-box\"><div class=\"mec-dropdown-wrap\" ><div class=\"mec-dropdown-search\">\n                    <i class=\"mec-sl-location-pin\"><\/i><select  name=' ' id='mec_sf_location_328' class='postform'>\n\t<option value='' selected='selected'>Lieu<\/option>\n\t<option class=\"level-0\" value=\"19\">Draveil &#8211; Centre Pastoral de la Paix<\/option>\n\t<option class=\"level-0\" value=\"23\">Draveil &#8211; Chapelle Sainte H\u00e9l\u00e8ne<\/option>\n\t<option class=\"level-0\" value=\"18\">Draveil &#8211; \u00c9glise Saint-R\u00e9mi<\/option>\n\t<option class=\"level-0\" value=\"17\">Soisy &#8211; \u00c9glise Notre-Dame<\/option>\n\t<option class=\"level-0\" value=\"22\">Soisy &#8211; Salle Notre-Dame<\/option>\n\t<option class=\"level-0\" value=\"21\">Vigneux &#8211; Chapelle des Sables<\/option>\n\t<option class=\"level-0\" value=\"29\">Vigneux &#8211; COSOM<\/option>\n\t<option class=\"level-0\" value=\"20\">Vigneux &#8211; \u00c9glise Saint-Pierre-\u00e8s-Liens<\/option>\n<\/select>\n<\/div><\/div><div class=\"mec-text-input-search\">\n                    <i class=\"mec-sl-magnifier\"><\/i>\n                    <input type=\"search\" value=\"\" id=\"mec_sf_s_328\" \/>\n                <\/div><\/div>    \n        <div class=\"mec-skin-grid-events-container\" id=\"mec_skin_events_328\">\n        Pas d'\u00e9v\u00e9nement actuellement programm\u00e9.    <\/div>\n        \n        \n<\/div>\n","protected":false},"excerpt":{"rendered":"","protected":false},"author":1,"featured_media":0,"parent":0,"menu_order":0,"comment_status":"closed","ping_status":"closed","template":"","meta":{"footnotes":""},"class_list":["post-326","page","type-page","status-publish","hentry"],"yoast_head":"<!-- This site is optimized with the Yoast SEO plugin v25.8 - https:\/\/yoast.com\/wordpress\/plugins\/seo\/ -->\n<title>Actualit\u00e9s - Secteur pastoral de Draveil - St-Jean-Paul II<\/title>\n<meta name=\"robots\" content=\"index, follow, max-snippet:-1, max-image-preview:large, max-video-preview:-1\" \/>\n<link rel=\"canonical\" href=\"https:\/\/www.eglise-senartdraveil.fr\/index.php\/evenements\/\" \/>\n<meta property=\"og:locale\" content=\"fr_FR\" \/>\n<meta property=\"og:type\" content=\"article\" \/>\n<meta property=\"og:title\" content=\"Actualit\u00e9s - Secteur pastoral de Draveil - St-Jean-Paul II\" \/>\n<meta property=\"og:url\" content=\"https:\/\/www.eglise-senartdraveil.fr\/index.php\/evenements\/\" \/>\n<meta property=\"og:site_name\" content=\"Secteur pastoral de Draveil - St-Jean-Paul II\" \/>\n<meta property=\"article:modified_time\" content=\"2020-09-08T19:09:36+00:00\" \/>\n<meta name=\"twitter:card\" content=\"summary_large_image\" \/>\n<script type=\"application\/ld+json\" class=\"yoast-schema-graph\">{\"@context\":\"https:\/\/schema.org\",\"@graph\":[{\"@type\":\"WebPage\",\"@id\":\"https:\/\/www.eglise-senartdraveil.fr\/index.php\/evenements\/\",\"url\":\"https:\/\/www.eglise-senartdraveil.fr\/index.php\/evenements\/\",\"name\":\"Actualit\u00e9s - Secteur pastoral de Draveil - St-Jean-Paul II\",\"isPartOf\":{\"@id\":\"https:\/\/www.eglise-senartdraveil.fr\/#website\"},\"datePublished\":\"2020-05-08T22:09:44+00:00\",\"dateModified\":\"2020-09-08T19:09:36+00:00\",\"breadcrumb\":{\"@id\":\"https:\/\/www.eglise-senartdraveil.fr\/index.php\/evenements\/#breadcrumb\"},\"inLanguage\":\"fr-FR\",\"potentialAction\":[{\"@type\":\"ReadAction\",\"target\":[\"https:\/\/www.eglise-senartdraveil.fr\/index.php\/evenements\/\"]}]},{\"@type\":\"BreadcrumbList\",\"@id\":\"https:\/\/www.eglise-senartdraveil.fr\/index.php\/evenements\/#breadcrumb\",\"itemListElement\":[{\"@type\":\"ListItem\",\"position\":1,\"name\":\"Home\",\"item\":\"https:\/\/www.eglise-senartdraveil.fr\/\"},{\"@type\":\"ListItem\",\"position\":2,\"name\":\"Actualit\u00e9s\"}]},{\"@type\":\"WebSite\",\"@id\":\"https:\/\/www.eglise-senartdraveil.fr\/#website\",\"url\":\"https:\/\/www.eglise-senartdraveil.fr\/\",\"name\":\"Secteur pastoral de Draveil - St-Jean-Paul II\",\"description\":\"\",\"potentialAction\":[{\"@type\":\"SearchAction\",\"target\":{\"@type\":\"EntryPoint\",\"urlTemplate\":\"https:\/\/www.eglise-senartdraveil.fr\/?s={search_term_string}\"},\"query-input\":{\"@type\":\"PropertyValueSpecification\",\"valueRequired\":true,\"valueName\":\"search_term_string\"}}],\"inLanguage\":\"fr-FR\"}]}<\/script>\n<!-- \/ Yoast SEO plugin. -->","yoast_head_json":{"title":"Actualit\u00e9s - Secteur pastoral de Draveil - St-Jean-Paul II","robots":{"index":"index","follow":"follow","max-snippet":"max-snippet:-1","max-image-preview":"max-image-preview:large","max-video-preview":"max-video-preview:-1"},"canonical":"https:\/\/www.eglise-senartdraveil.fr\/index.php\/evenements\/","og_locale":"fr_FR","og_type":"article","og_title":"Actualit\u00e9s - Secteur pastoral de Draveil - St-Jean-Paul II","og_url":"https:\/\/www.eglise-senartdraveil.fr\/index.php\/evenements\/","og_site_name":"Secteur pastoral de Draveil - St-Jean-Paul II","article_modified_time":"2020-09-08T19:09:36+00:00","twitter_card":"summary_large_image","schema":{"@context":"https:\/\/schema.org","@graph":[{"@type":"WebPage","@id":"https:\/\/www.eglise-senartdraveil.fr\/index.php\/evenements\/","url":"https:\/\/www.eglise-senartdraveil.fr\/index.php\/evenements\/","name":"Actualit\u00e9s - Secteur pastoral de Draveil - St-Jean-Paul II","isPartOf":{"@id":"https:\/\/www.eglise-senartdraveil.fr\/#website"},"datePublished":"2020-05-08T22:09:44+00:00","dateModified":"2020-09-08T19:09:36+00:00","breadcrumb":{"@id":"https:\/\/www.eglise-senartdraveil.fr\/index.php\/evenements\/#breadcrumb"},"inLanguage":"fr-FR","potentialAction":[{"@type":"ReadAction","target":["https:\/\/www.eglise-senartdraveil.fr\/index.php\/evenements\/"]}]},{"@type":"BreadcrumbList","@id":"https:\/\/www.eglise-senartdraveil.fr\/index.php\/evenements\/#breadcrumb","itemListElement":[{"@type":"ListItem","position":1,"name":"Home","item":"https:\/\/www.eglise-senartdraveil.fr\/"},{"@type":"ListItem","position":2,"name":"Actualit\u00e9s"}]},{"@type":"WebSite","@id":"https:\/\/www.eglise-senartdraveil.fr\/#website","url":"https:\/\/www.eglise-senartdraveil.fr\/","name":"Secteur pastoral de Draveil - St-Jean-Paul II","description":"","potentialAction":[{"@type":"SearchAction","target":{"@type":"EntryPoint","urlTemplate":"https:\/\/www.eglise-senartdraveil.fr\/?s={search_term_string}"},"query-input":{"@type":"PropertyValueSpecification","valueRequired":true,"valueName":"search_term_string"}}],"inLanguage":"fr-FR"}]}},"_links":{"self":[{"href":"https:\/\/www.eglise-senartdraveil.fr\/index.php\/wp-json\/wp\/v2\/pages\/326","targetHints":{"allow":["GET"]}}],"collection":[{"href":"https:\/\/www.eglise-senartdraveil.fr\/index.php\/wp-json\/wp\/v2\/pages"}],"about":[{"href":"https:\/\/www.eglise-senartdraveil.fr\/index.php\/wp-json\/wp\/v2\/types\/page"}],"author":[{"embeddable":true,"href":"https:\/\/www.eglise-senartdraveil.fr\/index.php\/wp-json\/wp\/v2\/users\/1"}],"replies":[{"embeddable":true,"href":"https:\/\/www.eglise-senartdraveil.fr\/index.php\/wp-json\/wp\/v2\/comments?post=326"}],"version-history":[{"count":5,"href":"https:\/\/www.eglise-senartdraveil.fr\/index.php\/wp-json\/wp\/v2\/pages\/326\/revisions"}],"predecessor-version":[{"id":781,"href":"https:\/\/www.eglise-senartdraveil.fr\/index.php\/wp-json\/wp\/v2\/pages\/326\/revisions\/781"}],"wp:attachment":[{"href":"https:\/\/www.eglise-senartdraveil.fr\/index.php\/wp-json\/wp\/v2\/media?parent=326"}],"curies":[{"name":"wp","href":"https:\/\/api.w.org\/{rel}","templated":true}]}}