{"id":3045,"date":"2024-08-24T10:16:05","date_gmt":"2024-08-24T08:16:05","guid":{"rendered":"https:\/\/www.eglise-senartdraveil.fr\/?post_type=mec-events&#038;p=3045"},"modified":"2024-08-24T10:16:59","modified_gmt":"2024-08-24T08:16:59","slug":"inscriptions-en-catechese-et-aumonerie","status":"publish","type":"mec-events","link":"https:\/\/www.eglise-senartdraveil.fr\/index.php\/events\/inscriptions-en-catechese-et-aumonerie\/","title":{"rendered":"Inscriptions en cat\u00e9ch\u00e8se et aum\u00f4nerie"},"content":{"rendered":"<p>Vous pourrez inscrire vos enfants au cat\u00e9chisme en allant au CPP \u00e0 Draveil les samedis 7 ou 14 septembre de 10h \u00e0 17h.<\/p>\n<p>L&#8217;inscription en cat\u00e9ch\u00e8se et aum\u00f4nerie est \u00e9galement possible le samedi 8 septembre au Forum des associations au gymnase de Soisy.<\/p>\n<p>Pour les enfants inscrits en 2023-2024, c\u2019est mieux de les inscrire \u00e0 nouveau pour confirmer leurs pr\u00e9sences.<br \/>\nSi vous connaissez des familles avec des enfants en CE1, CE2, CM1 ou CM2 vous pouvez leur rappeler ces dates d\u2019inscription au cat\u00e9.<\/p>\n","protected":false},"excerpt":{"rendered":"<p>Vous pourrez inscrire vos enfants au cat\u00e9chisme en allant au CPP \u00e0 Draveil les samedis 7 ou 14 septembre de<\/p>\n","protected":false},"author":1,"featured_media":794,"comment_status":"closed","ping_status":"closed","template":"","tags":[],"mec_category":[28,16],"class_list":["post-3045","mec-events","type-mec-events","status-publish","has-post-thumbnail","hentry","mec_category-actualites","mec_category-jeunes"],"yoast_head":"<!-- This site is optimized with the Yoast SEO plugin v25.8 - https:\/\/yoast.com\/wordpress\/plugins\/seo\/ -->\n<title>Inscriptions en cat\u00e9ch\u00e8se et aum\u00f4nerie - Secteur pastoral de Draveil - St-Jean-Paul II<\/title>\n<meta name=\"robots\" content=\"index, follow, max-snippet:-1, max-image-preview:large, max-video-preview:-1\" \/>\n<link rel=\"canonical\" href=\"https:\/\/www.eglise-senartdraveil.fr\/index.php\/events\/inscriptions-en-catechese-et-aumonerie\/\" \/>\n<meta property=\"og:locale\" content=\"fr_FR\" \/>\n<meta property=\"og:type\" content=\"article\" \/>\n<meta property=\"og:title\" content=\"Inscriptions en cat\u00e9ch\u00e8se et aum\u00f4nerie - Secteur pastoral de Draveil - St-Jean-Paul II\" \/>\n<meta property=\"og:description\" content=\"Vous pourrez inscrire vos enfants au cat\u00e9chisme en allant au CPP \u00e0 Draveil les samedis 7 ou 14 septembre de\" \/>\n<meta property=\"og:url\" content=\"https:\/\/www.eglise-senartdraveil.fr\/index.php\/events\/inscriptions-en-catechese-et-aumonerie\/\" \/>\n<meta property=\"og:site_name\" content=\"Secteur pastoral de Draveil - St-Jean-Paul II\" \/>\n<meta property=\"article:modified_time\" content=\"2024-08-24T08:16:59+00:00\" \/>\n<meta property=\"og:image\" content=\"https:\/\/www.eglise-senartdraveil.fr\/wp-content\/uploads\/2020\/09\/9a576953-c262-4e81-bca3-7c217347b085.jpeg\" \/>\n\t<meta property=\"og:image:width\" content=\"1600\" \/>\n\t<meta property=\"og:image:height\" content=\"1200\" \/>\n\t<meta property=\"og:image:type\" content=\"image\/jpeg\" \/>\n<meta name=\"twitter:card\" content=\"summary_large_image\" \/>\n<script type=\"application\/ld+json\" class=\"yoast-schema-graph\">{\"@context\":\"https:\/\/schema.org\",\"@graph\":[{\"@type\":\"WebPage\",\"@id\":\"https:\/\/www.eglise-senartdraveil.fr\/index.php\/events\/inscriptions-en-catechese-et-aumonerie\/\",\"url\":\"https:\/\/www.eglise-senartdraveil.fr\/index.php\/events\/inscriptions-en-catechese-et-aumonerie\/\",\"name\":\"Inscriptions en cat\u00e9ch\u00e8se et aum\u00f4nerie - Secteur pastoral de Draveil - St-Jean-Paul II\",\"isPartOf\":{\"@id\":\"https:\/\/www.eglise-senartdraveil.fr\/#website\"},\"primaryImageOfPage\":{\"@id\":\"https:\/\/www.eglise-senartdraveil.fr\/index.php\/events\/inscriptions-en-catechese-et-aumonerie\/#primaryimage\"},\"image\":{\"@id\":\"https:\/\/www.eglise-senartdraveil.fr\/index.php\/events\/inscriptions-en-catechese-et-aumonerie\/#primaryimage\"},\"thumbnailUrl\":\"https:\/\/www.eglise-senartdraveil.fr\/wp-content\/uploads\/2020\/09\/9a576953-c262-4e81-bca3-7c217347b085.jpeg\",\"datePublished\":\"2024-08-24T08:16:05+00:00\",\"dateModified\":\"2024-08-24T08:16:59+00:00\",\"breadcrumb\":{\"@id\":\"https:\/\/www.eglise-senartdraveil.fr\/index.php\/events\/inscriptions-en-catechese-et-aumonerie\/#breadcrumb\"},\"inLanguage\":\"fr-FR\",\"potentialAction\":[{\"@type\":\"ReadAction\",\"target\":[\"https:\/\/www.eglise-senartdraveil.fr\/index.php\/events\/inscriptions-en-catechese-et-aumonerie\/\"]}]},{\"@type\":\"ImageObject\",\"inLanguage\":\"fr-FR\",\"@id\":\"https:\/\/www.eglise-senartdraveil.fr\/index.php\/events\/inscriptions-en-catechese-et-aumonerie\/#primaryimage\",\"url\":\"https:\/\/www.eglise-senartdraveil.fr\/wp-content\/uploads\/2020\/09\/9a576953-c262-4e81-bca3-7c217347b085.jpeg\",\"contentUrl\":\"https:\/\/www.eglise-senartdraveil.fr\/wp-content\/uploads\/2020\/09\/9a576953-c262-4e81-bca3-7c217347b085.jpeg\",\"width\":1600,\"height\":1200},{\"@type\":\"BreadcrumbList\",\"@id\":\"https:\/\/www.eglise-senartdraveil.fr\/index.php\/events\/inscriptions-en-catechese-et-aumonerie\/#breadcrumb\",\"itemListElement\":[{\"@type\":\"ListItem\",\"position\":1,\"name\":\"Home\",\"item\":\"https:\/\/www.eglise-senartdraveil.fr\/\"},{\"@type\":\"ListItem\",\"position\":2,\"name\":\"\u00c9venements\",\"item\":\"https:\/\/www.eglise-senartdraveil.fr\/index.php\/events\/\"},{\"@type\":\"ListItem\",\"position\":3,\"name\":\"Inscriptions en cat\u00e9ch\u00e8se et aum\u00f4nerie\"}]},{\"@type\":\"WebSite\",\"@id\":\"https:\/\/www.eglise-senartdraveil.fr\/#website\",\"url\":\"https:\/\/www.eglise-senartdraveil.fr\/\",\"name\":\"Secteur pastoral de Draveil - St-Jean-Paul II\",\"description\":\"\",\"potentialAction\":[{\"@type\":\"SearchAction\",\"target\":{\"@type\":\"EntryPoint\",\"urlTemplate\":\"https:\/\/www.eglise-senartdraveil.fr\/?s={search_term_string}\"},\"query-input\":{\"@type\":\"PropertyValueSpecification\",\"valueRequired\":true,\"valueName\":\"search_term_string\"}}],\"inLanguage\":\"fr-FR\"}]}<\/script>\n<!-- \/ Yoast SEO plugin. -->","yoast_head_json":{"title":"Inscriptions en cat\u00e9ch\u00e8se et aum\u00f4nerie - Secteur pastoral de Draveil - St-Jean-Paul II","robots":{"index":"index","follow":"follow","max-snippet":"max-snippet:-1","max-image-preview":"max-image-preview:large","max-video-preview":"max-video-preview:-1"},"canonical":"https:\/\/www.eglise-senartdraveil.fr\/index.php\/events\/inscriptions-en-catechese-et-aumonerie\/","og_locale":"fr_FR","og_type":"article","og_title":"Inscriptions en cat\u00e9ch\u00e8se et aum\u00f4nerie - Secteur pastoral de Draveil - St-Jean-Paul II","og_description":"Vous pourrez inscrire vos enfants au cat\u00e9chisme en allant au CPP \u00e0 Draveil les samedis 7 ou 14 septembre de","og_url":"https:\/\/www.eglise-senartdraveil.fr\/index.php\/events\/inscriptions-en-catechese-et-aumonerie\/","og_site_name":"Secteur pastoral de Draveil - St-Jean-Paul II","article_modified_time":"2024-08-24T08:16:59+00:00","og_image":[{"width":1600,"height":1200,"url":"https:\/\/www.eglise-senartdraveil.fr\/wp-content\/uploads\/2020\/09\/9a576953-c262-4e81-bca3-7c217347b085.jpeg","type":"image\/jpeg"}],"twitter_card":"summary_large_image","schema":{"@context":"https:\/\/schema.org","@graph":[{"@type":"WebPage","@id":"https:\/\/www.eglise-senartdraveil.fr\/index.php\/events\/inscriptions-en-catechese-et-aumonerie\/","url":"https:\/\/www.eglise-senartdraveil.fr\/index.php\/events\/inscriptions-en-catechese-et-aumonerie\/","name":"Inscriptions en cat\u00e9ch\u00e8se et aum\u00f4nerie - Secteur pastoral de Draveil - St-Jean-Paul II","isPartOf":{"@id":"https:\/\/www.eglise-senartdraveil.fr\/#website"},"primaryImageOfPage":{"@id":"https:\/\/www.eglise-senartdraveil.fr\/index.php\/events\/inscriptions-en-catechese-et-aumonerie\/#primaryimage"},"image":{"@id":"https:\/\/www.eglise-senartdraveil.fr\/index.php\/events\/inscriptions-en-catechese-et-aumonerie\/#primaryimage"},"thumbnailUrl":"https:\/\/www.eglise-senartdraveil.fr\/wp-content\/uploads\/2020\/09\/9a576953-c262-4e81-bca3-7c217347b085.jpeg","datePublished":"2024-08-24T08:16:05+00:00","dateModified":"2024-08-24T08:16:59+00:00","breadcrumb":{"@id":"https:\/\/www.eglise-senartdraveil.fr\/index.php\/events\/inscriptions-en-catechese-et-aumonerie\/#breadcrumb"},"inLanguage":"fr-FR","potentialAction":[{"@type":"ReadAction","target":["https:\/\/www.eglise-senartdraveil.fr\/index.php\/events\/inscriptions-en-catechese-et-aumonerie\/"]}]},{"@type":"ImageObject","inLanguage":"fr-FR","@id":"https:\/\/www.eglise-senartdraveil.fr\/index.php\/events\/inscriptions-en-catechese-et-aumonerie\/#primaryimage","url":"https:\/\/www.eglise-senartdraveil.fr\/wp-content\/uploads\/2020\/09\/9a576953-c262-4e81-bca3-7c217347b085.jpeg","contentUrl":"https:\/\/www.eglise-senartdraveil.fr\/wp-content\/uploads\/2020\/09\/9a576953-c262-4e81-bca3-7c217347b085.jpeg","width":1600,"height":1200},{"@type":"BreadcrumbList","@id":"https:\/\/www.eglise-senartdraveil.fr\/index.php\/events\/inscriptions-en-catechese-et-aumonerie\/#breadcrumb","itemListElement":[{"@type":"ListItem","position":1,"name":"Home","item":"https:\/\/www.eglise-senartdraveil.fr\/"},{"@type":"ListItem","position":2,"name":"\u00c9venements","item":"https:\/\/www.eglise-senartdraveil.fr\/index.php\/events\/"},{"@type":"ListItem","position":3,"name":"Inscriptions en cat\u00e9ch\u00e8se et aum\u00f4nerie"}]},{"@type":"WebSite","@id":"https:\/\/www.eglise-senartdraveil.fr\/#website","url":"https:\/\/www.eglise-senartdraveil.fr\/","name":"Secteur pastoral de Draveil - St-Jean-Paul II","description":"","potentialAction":[{"@type":"SearchAction","target":{"@type":"EntryPoint","urlTemplate":"https:\/\/www.eglise-senartdraveil.fr\/?s={search_term_string}"},"query-input":{"@type":"PropertyValueSpecification","valueRequired":true,"valueName":"search_term_string"}}],"inLanguage":"fr-FR"}]}},"_links":{"self":[{"href":"https:\/\/www.eglise-senartdraveil.fr\/index.php\/wp-json\/wp\/v2\/mec-events\/3045","targetHints":{"allow":["GET"]}}],"collection":[{"href":"https:\/\/www.eglise-senartdraveil.fr\/index.php\/wp-json\/wp\/v2\/mec-events"}],"about":[{"href":"https:\/\/www.eglise-senartdraveil.fr\/index.php\/wp-json\/wp\/v2\/types\/mec-events"}],"author":[{"embeddable":true,"href":"https:\/\/www.eglise-senartdraveil.fr\/index.php\/wp-json\/wp\/v2\/users\/1"}],"replies":[{"embeddable":true,"href":"https:\/\/www.eglise-senartdraveil.fr\/index.php\/wp-json\/wp\/v2\/comments?post=3045"}],"wp:featuredmedia":[{"embeddable":true,"href":"https:\/\/www.eglise-senartdraveil.fr\/index.php\/wp-json\/wp\/v2\/media\/794"}],"wp:attachment":[{"href":"https:\/\/www.eglise-senartdraveil.fr\/index.php\/wp-json\/wp\/v2\/media?parent=3045"}],"wp:term":[{"taxonomy":"post_tag","embeddable":true,"href":"https:\/\/www.eglise-senartdraveil.fr\/index.php\/wp-json\/wp\/v2\/tags?post=3045"},{"taxonomy":"mec_category","embeddable":true,"href":"https:\/\/www.eglise-senartdraveil.fr\/index.php\/wp-json\/wp\/v2\/mec_category?post=3045"}],"curies":[{"name":"wp","href":"https:\/\/api.w.org\/{rel}","templated":true}]}}

Inscriptions en catéchèse et aumônerie

<p>Vous pourrez inscrire vos enfants au catéchisme en allant au CPP à Draveil les samedis 7 ou 14 septembre de 10h à 17h.</p>
<p>L&#8217;inscription en catéchèse et aumônerie est également possible le samedi 8 septembre au Forum des associations au gymnase de Soisy.</p>
<p>Pour les enfants inscrits en 2023-2024, c’est mieux de les inscrire à nouveau pour confirmer leurs présences.<br />
Si vous connaissez des familles avec des enfants en CE1, CE2, CM1 ou CM2 vous pouvez leur rappeler ces dates d’inscription au caté.</p>

<p>Vous pourrez inscrire vos enfants au catéchisme en allant au CPP à Draveil les samedis 7 ou 14 septembre de</p>

<!-- This site is optimized with the Yoast SEO plugin v25.8 - https://yoast.com/wordpress/plugins/seo/ -->
<title>Inscriptions en catéchèse et aumônerie - Secteur pastoral de Draveil - St-Jean-Paul II</title>
<meta name="robots" content="index, follow, max-snippet:-1, max-image-preview:large, max-video-preview:-1" />
<link rel="canonical" href="https://www.eglise-senartdraveil.fr/index.php/events/inscriptions-en-catechese-et-aumonerie/" />
<meta property="og:locale" content="fr_FR" />
<meta property="og:type" content="article" />
<meta property="og:title" content="Inscriptions en catéchèse et aumônerie - Secteur pastoral de Draveil - St-Jean-Paul II" />
<meta property="og:description" content="Vous pourrez inscrire vos enfants au catéchisme en allant au CPP à Draveil les samedis 7 ou 14 septembre de" />
<meta property="og:url" content="https://www.eglise-senartdraveil.fr/index.php/events/inscriptions-en-catechese-et-aumonerie/" />
<meta property="og:site_name" content="Secteur pastoral de Draveil - St-Jean-Paul II" />
<meta property="article:modified_time" content="2024-08-24T08:16:59+00:00" />
<meta property="og:image" content="https://www.eglise-senartdraveil.fr/wp-content/uploads/2020/09/9a576953-c262-4e81-bca3-7c217347b085.jpeg" />
	<meta property="og:image:width" content="1600" />
	<meta property="og:image:height" content="1200" />
	<meta property="og:image:type" content="image/jpeg" />
<meta name="twitter:card" content="summary_large_image" />
<script type="application/ld+json" class="yoast-schema-graph">{"@context":"https://schema.org","@graph":[{"@type":"WebPage","@id":"https://www.eglise-senartdraveil.fr/index.php/events/inscriptions-en-catechese-et-aumonerie/","url":"https://www.eglise-senartdraveil.fr/index.php/events/inscriptions-en-catechese-et-aumonerie/","name":"Inscriptions en catéchèse et aumônerie - Secteur pastoral de Draveil - St-Jean-Paul II","isPartOf":{"@id":"https://www.eglise-senartdraveil.fr/#website"},"primaryImageOfPage":{"@id":"https://www.eglise-senartdraveil.fr/index.php/events/inscriptions-en-catechese-et-aumonerie/#primaryimage"},"image":{"@id":"https://www.eglise-senartdraveil.fr/index.php/events/inscriptions-en-catechese-et-aumonerie/#primaryimage"},"thumbnailUrl":"https://www.eglise-senartdraveil.fr/wp-content/uploads/2020/09/9a576953-c262-4e81-bca3-7c217347b085.jpeg","datePublished":"2024-08-24T08:16:05+00:00","dateModified":"2024-08-24T08:16:59+00:00","breadcrumb":{"@id":"https://www.eglise-senartdraveil.fr/index.php/events/inscriptions-en-catechese-et-aumonerie/#breadcrumb"},"inLanguage":"fr-FR","potentialAction":[{"@type":"ReadAction","target":["https://www.eglise-senartdraveil.fr/index.php/events/inscriptions-en-catechese-et-aumonerie/"]}]},{"@type":"ImageObject","inLanguage":"fr-FR","@id":"https://www.eglise-senartdraveil.fr/index.php/events/inscriptions-en-catechese-et-aumonerie/#primaryimage","url":"https://www.eglise-senartdraveil.fr/wp-content/uploads/2020/09/9a576953-c262-4e81-bca3-7c217347b085.jpeg","contentUrl":"https://www.eglise-senartdraveil.fr/wp-content/uploads/2020/09/9a576953-c262-4e81-bca3-7c217347b085.jpeg","width":1600,"height":1200},{"@type":"BreadcrumbList","@id":"https://www.eglise-senartdraveil.fr/index.php/events/inscriptions-en-catechese-et-aumonerie/#breadcrumb","itemListElement":[{"@type":"ListItem","position":1,"name":"Home","item":"https://www.eglise-senartdraveil.fr/"},{"@type":"ListItem","position":2,"name":"Évenements","item":"https://www.eglise-senartdraveil.fr/index.php/events/"},{"@type":"ListItem","position":3,"name":"Inscriptions en catéchèse et aumônerie"}]},{"@type":"WebSite","@id":"https://www.eglise-senartdraveil.fr/#website","url":"https://www.eglise-senartdraveil.fr/","name":"Secteur pastoral de Draveil - St-Jean-Paul II","description":"","potentialAction":[{"@type":"SearchAction","target":{"@type":"EntryPoint","urlTemplate":"https://www.eglise-senartdraveil.fr/?s={search_term_string}"},"query-input":{"@type":"PropertyValueSpecification","valueRequired":true,"valueName":"search_term_string"}}],"inLanguage":"fr-FR"}]}</script>
<!-- / Yoast SEO plugin. -->

Inscriptions en catéchèse et aumônerie - Secteur pastoral de Draveil - St-Jean-Paul II

Vous pourrez inscrire vos enfants au catéchisme en allant au CPP à Draveil les samedis 7 ou 14 septembre de

Évenements
