{"id":2971,"date":"2024-06-07T22:59:45","date_gmt":"2024-06-07T20:59:45","guid":{"rendered":"https:\/\/www.eglise-senartdraveil.fr\/?post_type=mec-events&#038;p=2971"},"modified":"2024-08-24T09:57:01","modified_gmt":"2024-08-24T07:57:01","slug":"messe-de-rentree-en-secteur","status":"publish","type":"mec-events","link":"https:\/\/www.eglise-senartdraveil.fr\/index.php\/events\/messe-de-rentree-en-secteur\/","title":{"rendered":"Messe de rentr\u00e9e en Secteur"},"content":{"rendered":"<p>A l\u2019occasion de l\u2019installation du nouveau responsable de notre secteur pastoral, le P\u00e8re Lin-Michel LINO OKOKO, une messe sera c\u00e9l\u00e9br\u00e9e le dimanche 29 septembre prochain. Elle sera pr\u00e9sid\u00e9e par Monseigneur Michel PANSARD, Ev\u00eaque du dioc\u00e8se d\u2019Evry \/Corbeil-Essonnes et accueillera les paroissiens de Draveil, Soisy-sur-Seine et Vigneux-sur-Seine.<\/p>\n<p>Cette c\u00e9l\u00e9bration se d\u00e9roulera au COSOM Georges Brassens de Vigneux-sur-Seine(1 Rue du Mar\u00e9chal Leclerc \u2013 grand parking).<br \/>\nIl n\u2019y aura pas de messe, ce dimanche, dans les \u00e9glises de nos paroisses. Nous sommes tous invit\u00e9s \u00e0 nous r\u00e9unir au Cosom de Vigneux pour accueillir notre \u00e9v\u00eaque et entourer notre nouveau responsable de secteur.<\/p>\n","protected":false},"excerpt":{"rendered":"<p>A l\u2019occasion de l\u2019installation du nouveau responsable de notre secteur pastoral, le P\u00e8re Lin-Michel LINO OKOKO, une messe sera c\u00e9l\u00e9br\u00e9e<\/p>\n","protected":false},"author":1,"featured_media":849,"comment_status":"closed","ping_status":"closed","template":"","tags":[],"mec_category":[28,15],"class_list":["post-2971","mec-events","type-mec-events","status-publish","has-post-thumbnail","hentry","mec_category-actualites","mec_category-celebrations"],"yoast_head":"<!-- This site is optimized with the Yoast SEO plugin v25.8 - https:\/\/yoast.com\/wordpress\/plugins\/seo\/ -->\n<title>Messe de rentr\u00e9e en Secteur - Secteur pastoral de Draveil - St-Jean-Paul II<\/title>\n<meta name=\"robots\" content=\"index, follow, max-snippet:-1, max-image-preview:large, max-video-preview:-1\" \/>\n<link rel=\"canonical\" href=\"https:\/\/www.eglise-senartdraveil.fr\/index.php\/events\/messe-de-rentree-en-secteur\/\" \/>\n<meta property=\"og:locale\" content=\"fr_FR\" \/>\n<meta property=\"og:type\" content=\"article\" \/>\n<meta property=\"og:title\" content=\"Messe de rentr\u00e9e en Secteur - Secteur pastoral de Draveil - St-Jean-Paul II\" \/>\n<meta property=\"og:description\" content=\"A l\u2019occasion de l\u2019installation du nouveau responsable de notre secteur pastoral, le P\u00e8re Lin-Michel LINO OKOKO, une messe sera c\u00e9l\u00e9br\u00e9e\" \/>\n<meta property=\"og:url\" content=\"https:\/\/www.eglise-senartdraveil.fr\/index.php\/events\/messe-de-rentree-en-secteur\/\" \/>\n<meta property=\"og:site_name\" content=\"Secteur pastoral de Draveil - St-Jean-Paul II\" \/>\n<meta property=\"article:modified_time\" content=\"2024-08-24T07:57:01+00:00\" \/>\n<meta property=\"og:image\" content=\"https:\/\/www.eglise-senartdraveil.fr\/wp-content\/uploads\/2020\/09\/carte-secteur-974x1024.png\" \/>\n\t<meta property=\"og:image:width\" content=\"974\" \/>\n\t<meta property=\"og:image:height\" content=\"1024\" \/>\n\t<meta property=\"og:image:type\" content=\"image\/png\" \/>\n<meta name=\"twitter:card\" content=\"summary_large_image\" \/>\n<meta name=\"twitter:label1\" content=\"Dur\u00e9e de lecture estim\u00e9e\" \/>\n\t<meta name=\"twitter:data1\" content=\"1 minute\" \/>\n<script type=\"application\/ld+json\" class=\"yoast-schema-graph\">{\"@context\":\"https:\/\/schema.org\",\"@graph\":[{\"@type\":\"WebPage\",\"@id\":\"https:\/\/www.eglise-senartdraveil.fr\/index.php\/events\/messe-de-rentree-en-secteur\/\",\"url\":\"https:\/\/www.eglise-senartdraveil.fr\/index.php\/events\/messe-de-rentree-en-secteur\/\",\"name\":\"Messe de rentr\u00e9e en Secteur - Secteur pastoral de Draveil - St-Jean-Paul II\",\"isPartOf\":{\"@id\":\"https:\/\/www.eglise-senartdraveil.fr\/#website\"},\"primaryImageOfPage\":{\"@id\":\"https:\/\/www.eglise-senartdraveil.fr\/index.php\/events\/messe-de-rentree-en-secteur\/#primaryimage\"},\"image\":{\"@id\":\"https:\/\/www.eglise-senartdraveil.fr\/index.php\/events\/messe-de-rentree-en-secteur\/#primaryimage\"},\"thumbnailUrl\":\"https:\/\/www.eglise-senartdraveil.fr\/wp-content\/uploads\/2020\/09\/carte-secteur.png\",\"datePublished\":\"2024-06-07T20:59:45+00:00\",\"dateModified\":\"2024-08-24T07:57:01+00:00\",\"breadcrumb\":{\"@id\":\"https:\/\/www.eglise-senartdraveil.fr\/index.php\/events\/messe-de-rentree-en-secteur\/#breadcrumb\"},\"inLanguage\":\"fr-FR\",\"potentialAction\":[{\"@type\":\"ReadAction\",\"target\":[\"https:\/\/www.eglise-senartdraveil.fr\/index.php\/events\/messe-de-rentree-en-secteur\/\"]}]},{\"@type\":\"ImageObject\",\"inLanguage\":\"fr-FR\",\"@id\":\"https:\/\/www.eglise-senartdraveil.fr\/index.php\/events\/messe-de-rentree-en-secteur\/#primaryimage\",\"url\":\"https:\/\/www.eglise-senartdraveil.fr\/wp-content\/uploads\/2020\/09\/carte-secteur.png\",\"contentUrl\":\"https:\/\/www.eglise-senartdraveil.fr\/wp-content\/uploads\/2020\/09\/carte-secteur.png\",\"width\":1740,\"height\":1830},{\"@type\":\"BreadcrumbList\",\"@id\":\"https:\/\/www.eglise-senartdraveil.fr\/index.php\/events\/messe-de-rentree-en-secteur\/#breadcrumb\",\"itemListElement\":[{\"@type\":\"ListItem\",\"position\":1,\"name\":\"Home\",\"item\":\"https:\/\/www.eglise-senartdraveil.fr\/\"},{\"@type\":\"ListItem\",\"position\":2,\"name\":\"\u00c9venements\",\"item\":\"https:\/\/www.eglise-senartdraveil.fr\/index.php\/events\/\"},{\"@type\":\"ListItem\",\"position\":3,\"name\":\"Messe de rentr\u00e9e en Secteur\"}]},{\"@type\":\"WebSite\",\"@id\":\"https:\/\/www.eglise-senartdraveil.fr\/#website\",\"url\":\"https:\/\/www.eglise-senartdraveil.fr\/\",\"name\":\"Secteur pastoral de Draveil - St-Jean-Paul II\",\"description\":\"\",\"potentialAction\":[{\"@type\":\"SearchAction\",\"target\":{\"@type\":\"EntryPoint\",\"urlTemplate\":\"https:\/\/www.eglise-senartdraveil.fr\/?s={search_term_string}\"},\"query-input\":{\"@type\":\"PropertyValueSpecification\",\"valueRequired\":true,\"valueName\":\"search_term_string\"}}],\"inLanguage\":\"fr-FR\"}]}<\/script>\n<!-- \/ Yoast SEO plugin. -->","yoast_head_json":{"title":"Messe de rentr\u00e9e en Secteur - Secteur pastoral de Draveil - St-Jean-Paul II","robots":{"index":"index","follow":"follow","max-snippet":"max-snippet:-1","max-image-preview":"max-image-preview:large","max-video-preview":"max-video-preview:-1"},"canonical":"https:\/\/www.eglise-senartdraveil.fr\/index.php\/events\/messe-de-rentree-en-secteur\/","og_locale":"fr_FR","og_type":"article","og_title":"Messe de rentr\u00e9e en Secteur - Secteur pastoral de Draveil - St-Jean-Paul II","og_description":"A l\u2019occasion de l\u2019installation du nouveau responsable de notre secteur pastoral, le P\u00e8re Lin-Michel LINO OKOKO, une messe sera c\u00e9l\u00e9br\u00e9e","og_url":"https:\/\/www.eglise-senartdraveil.fr\/index.php\/events\/messe-de-rentree-en-secteur\/","og_site_name":"Secteur pastoral de Draveil - St-Jean-Paul II","article_modified_time":"2024-08-24T07:57:01+00:00","og_image":[{"width":974,"height":1024,"url":"https:\/\/www.eglise-senartdraveil.fr\/wp-content\/uploads\/2020\/09\/carte-secteur-974x1024.png","type":"image\/png"}],"twitter_card":"summary_large_image","twitter_misc":{"Dur\u00e9e de lecture estim\u00e9e":"1 minute"},"schema":{"@context":"https:\/\/schema.org","@graph":[{"@type":"WebPage","@id":"https:\/\/www.eglise-senartdraveil.fr\/index.php\/events\/messe-de-rentree-en-secteur\/","url":"https:\/\/www.eglise-senartdraveil.fr\/index.php\/events\/messe-de-rentree-en-secteur\/","name":"Messe de rentr\u00e9e en Secteur - Secteur pastoral de Draveil - St-Jean-Paul II","isPartOf":{"@id":"https:\/\/www.eglise-senartdraveil.fr\/#website"},"primaryImageOfPage":{"@id":"https:\/\/www.eglise-senartdraveil.fr\/index.php\/events\/messe-de-rentree-en-secteur\/#primaryimage"},"image":{"@id":"https:\/\/www.eglise-senartdraveil.fr\/index.php\/events\/messe-de-rentree-en-secteur\/#primaryimage"},"thumbnailUrl":"https:\/\/www.eglise-senartdraveil.fr\/wp-content\/uploads\/2020\/09\/carte-secteur.png","datePublished":"2024-06-07T20:59:45+00:00","dateModified":"2024-08-24T07:57:01+00:00","breadcrumb":{"@id":"https:\/\/www.eglise-senartdraveil.fr\/index.php\/events\/messe-de-rentree-en-secteur\/#breadcrumb"},"inLanguage":"fr-FR","potentialAction":[{"@type":"ReadAction","target":["https:\/\/www.eglise-senartdraveil.fr\/index.php\/events\/messe-de-rentree-en-secteur\/"]}]},{"@type":"ImageObject","inLanguage":"fr-FR","@id":"https:\/\/www.eglise-senartdraveil.fr\/index.php\/events\/messe-de-rentree-en-secteur\/#primaryimage","url":"https:\/\/www.eglise-senartdraveil.fr\/wp-content\/uploads\/2020\/09\/carte-secteur.png","contentUrl":"https:\/\/www.eglise-senartdraveil.fr\/wp-content\/uploads\/2020\/09\/carte-secteur.png","width":1740,"height":1830},{"@type":"BreadcrumbList","@id":"https:\/\/www.eglise-senartdraveil.fr\/index.php\/events\/messe-de-rentree-en-secteur\/#breadcrumb","itemListElement":[{"@type":"ListItem","position":1,"name":"Home","item":"https:\/\/www.eglise-senartdraveil.fr\/"},{"@type":"ListItem","position":2,"name":"\u00c9venements","item":"https:\/\/www.eglise-senartdraveil.fr\/index.php\/events\/"},{"@type":"ListItem","position":3,"name":"Messe de rentr\u00e9e en Secteur"}]},{"@type":"WebSite","@id":"https:\/\/www.eglise-senartdraveil.fr\/#website","url":"https:\/\/www.eglise-senartdraveil.fr\/","name":"Secteur pastoral de Draveil - St-Jean-Paul II","description":"","potentialAction":[{"@type":"SearchAction","target":{"@type":"EntryPoint","urlTemplate":"https:\/\/www.eglise-senartdraveil.fr\/?s={search_term_string}"},"query-input":{"@type":"PropertyValueSpecification","valueRequired":true,"valueName":"search_term_string"}}],"inLanguage":"fr-FR"}]}},"_links":{"self":[{"href":"https:\/\/www.eglise-senartdraveil.fr\/index.php\/wp-json\/wp\/v2\/mec-events\/2971","targetHints":{"allow":["GET"]}}],"collection":[{"href":"https:\/\/www.eglise-senartdraveil.fr\/index.php\/wp-json\/wp\/v2\/mec-events"}],"about":[{"href":"https:\/\/www.eglise-senartdraveil.fr\/index.php\/wp-json\/wp\/v2\/types\/mec-events"}],"author":[{"embeddable":true,"href":"https:\/\/www.eglise-senartdraveil.fr\/index.php\/wp-json\/wp\/v2\/users\/1"}],"replies":[{"embeddable":true,"href":"https:\/\/www.eglise-senartdraveil.fr\/index.php\/wp-json\/wp\/v2\/comments?post=2971"}],"wp:featuredmedia":[{"embeddable":true,"href":"https:\/\/www.eglise-senartdraveil.fr\/index.php\/wp-json\/wp\/v2\/media\/849"}],"wp:attachment":[{"href":"https:\/\/www.eglise-senartdraveil.fr\/index.php\/wp-json\/wp\/v2\/media?parent=2971"}],"wp:term":[{"taxonomy":"post_tag","embeddable":true,"href":"https:\/\/www.eglise-senartdraveil.fr\/index.php\/wp-json\/wp\/v2\/tags?post=2971"},{"taxonomy":"mec_category","embeddable":true,"href":"https:\/\/www.eglise-senartdraveil.fr\/index.php\/wp-json\/wp\/v2\/mec_category?post=2971"}],"curies":[{"name":"wp","href":"https:\/\/api.w.org\/{rel}","templated":true}]}}

Messe de rentrée en Secteur

<p>A l’occasion de l’installation du nouveau responsable de notre secteur pastoral, le Père Lin-Michel LINO OKOKO, une messe sera célébrée le dimanche 29 septembre prochain. Elle sera présidée par Monseigneur Michel PANSARD, Evêque du diocèse d’Evry /Corbeil-Essonnes et accueillera les paroissiens de Draveil, Soisy-sur-Seine et Vigneux-sur-Seine.</p>
<p>Cette célébration se déroulera au COSOM Georges Brassens de Vigneux-sur-Seine(1 Rue du Maréchal Leclerc – grand parking).<br />
Il n’y aura pas de messe, ce dimanche, dans les églises de nos paroisses. Nous sommes tous invités à nous réunir au Cosom de Vigneux pour accueillir notre évêque et entourer notre nouveau responsable de secteur.</p>

<p>A l’occasion de l’installation du nouveau responsable de notre secteur pastoral, le Père Lin-Michel LINO OKOKO, une messe sera célébrée</p>

<!-- This site is optimized with the Yoast SEO plugin v25.8 - https://yoast.com/wordpress/plugins/seo/ -->
<title>Messe de rentrée en Secteur - Secteur pastoral de Draveil - St-Jean-Paul II</title>
<meta name="robots" content="index, follow, max-snippet:-1, max-image-preview:large, max-video-preview:-1" />
<link rel="canonical" href="https://www.eglise-senartdraveil.fr/index.php/events/messe-de-rentree-en-secteur/" />
<meta property="og:locale" content="fr_FR" />
<meta property="og:type" content="article" />
<meta property="og:title" content="Messe de rentrée en Secteur - Secteur pastoral de Draveil - St-Jean-Paul II" />
<meta property="og:description" content="A l’occasion de l’installation du nouveau responsable de notre secteur pastoral, le Père Lin-Michel LINO OKOKO, une messe sera célébrée" />
<meta property="og:url" content="https://www.eglise-senartdraveil.fr/index.php/events/messe-de-rentree-en-secteur/" />
<meta property="og:site_name" content="Secteur pastoral de Draveil - St-Jean-Paul II" />
<meta property="article:modified_time" content="2024-08-24T07:57:01+00:00" />
<meta property="og:image" content="https://www.eglise-senartdraveil.fr/wp-content/uploads/2020/09/carte-secteur-974x1024.png" />
	<meta property="og:image:width" content="974" />
	<meta property="og:image:height" content="1024" />
	<meta property="og:image:type" content="image/png" />
<meta name="twitter:card" content="summary_large_image" />
<meta name="twitter:label1" content="Durée de lecture estimée" />
	<meta name="twitter:data1" content="1 minute" />
<script type="application/ld+json" class="yoast-schema-graph">{"@context":"https://schema.org","@graph":[{"@type":"WebPage","@id":"https://www.eglise-senartdraveil.fr/index.php/events/messe-de-rentree-en-secteur/","url":"https://www.eglise-senartdraveil.fr/index.php/events/messe-de-rentree-en-secteur/","name":"Messe de rentrée en Secteur - Secteur pastoral de Draveil - St-Jean-Paul II","isPartOf":{"@id":"https://www.eglise-senartdraveil.fr/#website"},"primaryImageOfPage":{"@id":"https://www.eglise-senartdraveil.fr/index.php/events/messe-de-rentree-en-secteur/#primaryimage"},"image":{"@id":"https://www.eglise-senartdraveil.fr/index.php/events/messe-de-rentree-en-secteur/#primaryimage"},"thumbnailUrl":"https://www.eglise-senartdraveil.fr/wp-content/uploads/2020/09/carte-secteur.png","datePublished":"2024-06-07T20:59:45+00:00","dateModified":"2024-08-24T07:57:01+00:00","breadcrumb":{"@id":"https://www.eglise-senartdraveil.fr/index.php/events/messe-de-rentree-en-secteur/#breadcrumb"},"inLanguage":"fr-FR","potentialAction":[{"@type":"ReadAction","target":["https://www.eglise-senartdraveil.fr/index.php/events/messe-de-rentree-en-secteur/"]}]},{"@type":"ImageObject","inLanguage":"fr-FR","@id":"https://www.eglise-senartdraveil.fr/index.php/events/messe-de-rentree-en-secteur/#primaryimage","url":"https://www.eglise-senartdraveil.fr/wp-content/uploads/2020/09/carte-secteur.png","contentUrl":"https://www.eglise-senartdraveil.fr/wp-content/uploads/2020/09/carte-secteur.png","width":1740,"height":1830},{"@type":"BreadcrumbList","@id":"https://www.eglise-senartdraveil.fr/index.php/events/messe-de-rentree-en-secteur/#breadcrumb","itemListElement":[{"@type":"ListItem","position":1,"name":"Home","item":"https://www.eglise-senartdraveil.fr/"},{"@type":"ListItem","position":2,"name":"Évenements","item":"https://www.eglise-senartdraveil.fr/index.php/events/"},{"@type":"ListItem","position":3,"name":"Messe de rentrée en Secteur"}]},{"@type":"WebSite","@id":"https://www.eglise-senartdraveil.fr/#website","url":"https://www.eglise-senartdraveil.fr/","name":"Secteur pastoral de Draveil - St-Jean-Paul II","description":"","potentialAction":[{"@type":"SearchAction","target":{"@type":"EntryPoint","urlTemplate":"https://www.eglise-senartdraveil.fr/?s={search_term_string}"},"query-input":{"@type":"PropertyValueSpecification","valueRequired":true,"valueName":"search_term_string"}}],"inLanguage":"fr-FR"}]}</script>
<!-- / Yoast SEO plugin. -->

Messe de rentrée en Secteur - Secteur pastoral de Draveil - St-Jean-Paul II

A l’occasion de l’installation du nouveau responsable de notre secteur pastoral, le Père Lin-Michel LINO OKOKO, une messe sera célébrée

Évenements
