{"id":2794,"date":"2023-11-25T12:15:53","date_gmt":"2023-11-25T11:15:53","guid":{"rendered":"https:\/\/www.eglise-senartdraveil.fr\/?post_type=mec-events&#038;p=2794"},"modified":"2023-11-25T12:15:53","modified_gmt":"2023-11-25T11:15:53","slug":"messes-de-noel","status":"publish","type":"mec-events","link":"https:\/\/www.eglise-senartdraveil.fr\/index.php\/events\/messes-de-noel\/","title":{"rendered":"Messes de No\u00ebl"},"content":{"rendered":"<p>Retrouvez tous les horaires des messes de No\u00ebl du secteur :<\/p>\n<p><strong>Dimanche 24 d\u00e9cembre &#8211; Veill\u00e9e de No\u00ebl<\/strong><\/p>\n<p>\u2022 Vigneux (Chapelle Notre-Dame des Sables) : 19h<br \/>\n\u2022 Vigneux (\u00c9glise Saint-Pierre) : 20 h<br \/>\n\u2022 Draveil (\u00c9glise Saint-R\u00e9mi) : 18 h et 20 h30<br \/>\n\u2022 Draveil (Chapelle Sainte-H\u00e9l\u00e8ne) : pas de messe<br \/>\n\u2022 Soisy (Notre-Dame de l\u2019Assomption) : 18h et 21 h<\/p>\n<p><strong>Lundi 25 d\u00e9cembre &#8211; No\u00ebl<\/strong><\/p>\n<p>\u2022 Vigneux (Chapelle Notre-Dame des Sables) : pas de messe<br \/>\n\u2022 Vigneux (\u00c9glise Saint-Pierre) : 11 h<br \/>\n\u2022 Draveil (\u00c9glise Saint-R\u00e9mi) : 10 h 30<br \/>\n\u2022 Draveil (Chapelle Sainte-H\u00e9l\u00e8ne) : 18h<br \/>\n\u2022 Soisy (\u00c9glise Notre-Dame de l\u2019Assomption): 10h30<\/p>\n","protected":false},"excerpt":{"rendered":"<p>Retrouvez tous les horaires des messes de No\u00ebl du secteur : Dimanche 24 d\u00e9cembre &#8211; Veill\u00e9e de No\u00ebl \u2022 Vigneux<\/p>\n","protected":false},"author":1,"featured_media":2795,"comment_status":"closed","ping_status":"closed","template":"","tags":[],"mec_category":[28,15],"class_list":["post-2794","mec-events","type-mec-events","status-publish","has-post-thumbnail","hentry","mec_category-actualites","mec_category-celebrations"],"yoast_head":"<!-- This site is optimized with the Yoast SEO plugin v25.8 - https:\/\/yoast.com\/wordpress\/plugins\/seo\/ -->\n<title>Messes de No\u00ebl - Secteur pastoral de Draveil - St-Jean-Paul II<\/title>\n<meta name=\"robots\" content=\"index, follow, max-snippet:-1, max-image-preview:large, max-video-preview:-1\" \/>\n<link rel=\"canonical\" href=\"https:\/\/www.eglise-senartdraveil.fr\/index.php\/events\/messes-de-noel\/\" \/>\n<meta property=\"og:locale\" content=\"fr_FR\" \/>\n<meta property=\"og:type\" content=\"article\" \/>\n<meta property=\"og:title\" content=\"Messes de No\u00ebl - Secteur pastoral de Draveil - St-Jean-Paul II\" \/>\n<meta property=\"og:description\" content=\"Retrouvez tous les horaires des messes de No\u00ebl du secteur : Dimanche 24 d\u00e9cembre &#8211; Veill\u00e9e de No\u00ebl \u2022 Vigneux\" \/>\n<meta property=\"og:url\" content=\"https:\/\/www.eglise-senartdraveil.fr\/index.php\/events\/messes-de-noel\/\" \/>\n<meta property=\"og:site_name\" content=\"Secteur pastoral de Draveil - St-Jean-Paul II\" \/>\n<meta property=\"og:image\" content=\"https:\/\/www.eglise-senartdraveil.fr\/wp-content\/uploads\/2023\/11\/noel2023.jpg\" \/>\n\t<meta property=\"og:image:width\" content=\"449\" \/>\n\t<meta property=\"og:image:height\" content=\"679\" \/>\n\t<meta property=\"og:image:type\" content=\"image\/jpeg\" \/>\n<meta name=\"twitter:card\" content=\"summary_large_image\" \/>\n<script type=\"application\/ld+json\" class=\"yoast-schema-graph\">{\"@context\":\"https:\/\/schema.org\",\"@graph\":[{\"@type\":\"WebPage\",\"@id\":\"https:\/\/www.eglise-senartdraveil.fr\/index.php\/events\/messes-de-noel\/\",\"url\":\"https:\/\/www.eglise-senartdraveil.fr\/index.php\/events\/messes-de-noel\/\",\"name\":\"Messes de No\u00ebl - Secteur pastoral de Draveil - St-Jean-Paul II\",\"isPartOf\":{\"@id\":\"https:\/\/www.eglise-senartdraveil.fr\/#website\"},\"primaryImageOfPage\":{\"@id\":\"https:\/\/www.eglise-senartdraveil.fr\/index.php\/events\/messes-de-noel\/#primaryimage\"},\"image\":{\"@id\":\"https:\/\/www.eglise-senartdraveil.fr\/index.php\/events\/messes-de-noel\/#primaryimage\"},\"thumbnailUrl\":\"https:\/\/www.eglise-senartdraveil.fr\/wp-content\/uploads\/2023\/11\/noel2023.jpg\",\"datePublished\":\"2023-11-25T11:15:53+00:00\",\"breadcrumb\":{\"@id\":\"https:\/\/www.eglise-senartdraveil.fr\/index.php\/events\/messes-de-noel\/#breadcrumb\"},\"inLanguage\":\"fr-FR\",\"potentialAction\":[{\"@type\":\"ReadAction\",\"target\":[\"https:\/\/www.eglise-senartdraveil.fr\/index.php\/events\/messes-de-noel\/\"]}]},{\"@type\":\"ImageObject\",\"inLanguage\":\"fr-FR\",\"@id\":\"https:\/\/www.eglise-senartdraveil.fr\/index.php\/events\/messes-de-noel\/#primaryimage\",\"url\":\"https:\/\/www.eglise-senartdraveil.fr\/wp-content\/uploads\/2023\/11\/noel2023.jpg\",\"contentUrl\":\"https:\/\/www.eglise-senartdraveil.fr\/wp-content\/uploads\/2023\/11\/noel2023.jpg\",\"width\":449,\"height\":679},{\"@type\":\"BreadcrumbList\",\"@id\":\"https:\/\/www.eglise-senartdraveil.fr\/index.php\/events\/messes-de-noel\/#breadcrumb\",\"itemListElement\":[{\"@type\":\"ListItem\",\"position\":1,\"name\":\"Home\",\"item\":\"https:\/\/www.eglise-senartdraveil.fr\/\"},{\"@type\":\"ListItem\",\"position\":2,\"name\":\"\u00c9venements\",\"item\":\"https:\/\/www.eglise-senartdraveil.fr\/index.php\/events\/\"},{\"@type\":\"ListItem\",\"position\":3,\"name\":\"Messes de No\u00ebl\"}]},{\"@type\":\"WebSite\",\"@id\":\"https:\/\/www.eglise-senartdraveil.fr\/#website\",\"url\":\"https:\/\/www.eglise-senartdraveil.fr\/\",\"name\":\"Secteur pastoral de Draveil - St-Jean-Paul II\",\"description\":\"\",\"potentialAction\":[{\"@type\":\"SearchAction\",\"target\":{\"@type\":\"EntryPoint\",\"urlTemplate\":\"https:\/\/www.eglise-senartdraveil.fr\/?s={search_term_string}\"},\"query-input\":{\"@type\":\"PropertyValueSpecification\",\"valueRequired\":true,\"valueName\":\"search_term_string\"}}],\"inLanguage\":\"fr-FR\"}]}<\/script>\n<!-- \/ Yoast SEO plugin. -->","yoast_head_json":{"title":"Messes de No\u00ebl - Secteur pastoral de Draveil - St-Jean-Paul II","robots":{"index":"index","follow":"follow","max-snippet":"max-snippet:-1","max-image-preview":"max-image-preview:large","max-video-preview":"max-video-preview:-1"},"canonical":"https:\/\/www.eglise-senartdraveil.fr\/index.php\/events\/messes-de-noel\/","og_locale":"fr_FR","og_type":"article","og_title":"Messes de No\u00ebl - Secteur pastoral de Draveil - St-Jean-Paul II","og_description":"Retrouvez tous les horaires des messes de No\u00ebl du secteur : Dimanche 24 d\u00e9cembre &#8211; Veill\u00e9e de No\u00ebl \u2022 Vigneux","og_url":"https:\/\/www.eglise-senartdraveil.fr\/index.php\/events\/messes-de-noel\/","og_site_name":"Secteur pastoral de Draveil - St-Jean-Paul II","og_image":[{"width":449,"height":679,"url":"https:\/\/www.eglise-senartdraveil.fr\/wp-content\/uploads\/2023\/11\/noel2023.jpg","type":"image\/jpeg"}],"twitter_card":"summary_large_image","schema":{"@context":"https:\/\/schema.org","@graph":[{"@type":"WebPage","@id":"https:\/\/www.eglise-senartdraveil.fr\/index.php\/events\/messes-de-noel\/","url":"https:\/\/www.eglise-senartdraveil.fr\/index.php\/events\/messes-de-noel\/","name":"Messes de No\u00ebl - Secteur pastoral de Draveil - St-Jean-Paul II","isPartOf":{"@id":"https:\/\/www.eglise-senartdraveil.fr\/#website"},"primaryImageOfPage":{"@id":"https:\/\/www.eglise-senartdraveil.fr\/index.php\/events\/messes-de-noel\/#primaryimage"},"image":{"@id":"https:\/\/www.eglise-senartdraveil.fr\/index.php\/events\/messes-de-noel\/#primaryimage"},"thumbnailUrl":"https:\/\/www.eglise-senartdraveil.fr\/wp-content\/uploads\/2023\/11\/noel2023.jpg","datePublished":"2023-11-25T11:15:53+00:00","breadcrumb":{"@id":"https:\/\/www.eglise-senartdraveil.fr\/index.php\/events\/messes-de-noel\/#breadcrumb"},"inLanguage":"fr-FR","potentialAction":[{"@type":"ReadAction","target":["https:\/\/www.eglise-senartdraveil.fr\/index.php\/events\/messes-de-noel\/"]}]},{"@type":"ImageObject","inLanguage":"fr-FR","@id":"https:\/\/www.eglise-senartdraveil.fr\/index.php\/events\/messes-de-noel\/#primaryimage","url":"https:\/\/www.eglise-senartdraveil.fr\/wp-content\/uploads\/2023\/11\/noel2023.jpg","contentUrl":"https:\/\/www.eglise-senartdraveil.fr\/wp-content\/uploads\/2023\/11\/noel2023.jpg","width":449,"height":679},{"@type":"BreadcrumbList","@id":"https:\/\/www.eglise-senartdraveil.fr\/index.php\/events\/messes-de-noel\/#breadcrumb","itemListElement":[{"@type":"ListItem","position":1,"name":"Home","item":"https:\/\/www.eglise-senartdraveil.fr\/"},{"@type":"ListItem","position":2,"name":"\u00c9venements","item":"https:\/\/www.eglise-senartdraveil.fr\/index.php\/events\/"},{"@type":"ListItem","position":3,"name":"Messes de No\u00ebl"}]},{"@type":"WebSite","@id":"https:\/\/www.eglise-senartdraveil.fr\/#website","url":"https:\/\/www.eglise-senartdraveil.fr\/","name":"Secteur pastoral de Draveil - St-Jean-Paul II","description":"","potentialAction":[{"@type":"SearchAction","target":{"@type":"EntryPoint","urlTemplate":"https:\/\/www.eglise-senartdraveil.fr\/?s={search_term_string}"},"query-input":{"@type":"PropertyValueSpecification","valueRequired":true,"valueName":"search_term_string"}}],"inLanguage":"fr-FR"}]}},"_links":{"self":[{"href":"https:\/\/www.eglise-senartdraveil.fr\/index.php\/wp-json\/wp\/v2\/mec-events\/2794","targetHints":{"allow":["GET"]}}],"collection":[{"href":"https:\/\/www.eglise-senartdraveil.fr\/index.php\/wp-json\/wp\/v2\/mec-events"}],"about":[{"href":"https:\/\/www.eglise-senartdraveil.fr\/index.php\/wp-json\/wp\/v2\/types\/mec-events"}],"author":[{"embeddable":true,"href":"https:\/\/www.eglise-senartdraveil.fr\/index.php\/wp-json\/wp\/v2\/users\/1"}],"replies":[{"embeddable":true,"href":"https:\/\/www.eglise-senartdraveil.fr\/index.php\/wp-json\/wp\/v2\/comments?post=2794"}],"wp:featuredmedia":[{"embeddable":true,"href":"https:\/\/www.eglise-senartdraveil.fr\/index.php\/wp-json\/wp\/v2\/media\/2795"}],"wp:attachment":[{"href":"https:\/\/www.eglise-senartdraveil.fr\/index.php\/wp-json\/wp\/v2\/media?parent=2794"}],"wp:term":[{"taxonomy":"post_tag","embeddable":true,"href":"https:\/\/www.eglise-senartdraveil.fr\/index.php\/wp-json\/wp\/v2\/tags?post=2794"},{"taxonomy":"mec_category","embeddable":true,"href":"https:\/\/www.eglise-senartdraveil.fr\/index.php\/wp-json\/wp\/v2\/mec_category?post=2794"}],"curies":[{"name":"wp","href":"https:\/\/api.w.org\/{rel}","templated":true}]}}

Messes de Noël

<p>Retrouvez tous les horaires des messes de Noël du secteur :</p>
<p><strong>Dimanche 24 décembre &#8211; Veillée de Noël</strong></p>
<p>• Vigneux (Chapelle Notre-Dame des Sables) : 19h<br />
• Vigneux (Église Saint-Pierre) : 20 h<br />
• Draveil (Église Saint-Rémi) : 18 h et 20 h30<br />
• Draveil (Chapelle Sainte-Hélène) : pas de messe<br />
• Soisy (Notre-Dame de l’Assomption) : 18h et 21 h</p>
<p><strong>Lundi 25 décembre &#8211; Noël</strong></p>
<p>• Vigneux (Chapelle Notre-Dame des Sables) : pas de messe<br />
• Vigneux (Église Saint-Pierre) : 11 h<br />
• Draveil (Église Saint-Rémi) : 10 h 30<br />
• Draveil (Chapelle Sainte-Hélène) : 18h<br />
• Soisy (Église Notre-Dame de l’Assomption): 10h30</p>

<p>Retrouvez tous les horaires des messes de Noël du secteur : Dimanche 24 décembre &#8211; Veillée de Noël • Vigneux</p>

<!-- This site is optimized with the Yoast SEO plugin v25.8 - https://yoast.com/wordpress/plugins/seo/ -->
<title>Messes de Noël - Secteur pastoral de Draveil - St-Jean-Paul II</title>
<meta name="robots" content="index, follow, max-snippet:-1, max-image-preview:large, max-video-preview:-1" />
<link rel="canonical" href="https://www.eglise-senartdraveil.fr/index.php/events/messes-de-noel/" />
<meta property="og:locale" content="fr_FR" />
<meta property="og:type" content="article" />
<meta property="og:title" content="Messes de Noël - Secteur pastoral de Draveil - St-Jean-Paul II" />
<meta property="og:description" content="Retrouvez tous les horaires des messes de Noël du secteur : Dimanche 24 décembre &#8211; Veillée de Noël • Vigneux" />
<meta property="og:url" content="https://www.eglise-senartdraveil.fr/index.php/events/messes-de-noel/" />
<meta property="og:site_name" content="Secteur pastoral de Draveil - St-Jean-Paul II" />
<meta property="og:image" content="https://www.eglise-senartdraveil.fr/wp-content/uploads/2023/11/noel2023.jpg" />
	<meta property="og:image:width" content="449" />
	<meta property="og:image:height" content="679" />
	<meta property="og:image:type" content="image/jpeg" />
<meta name="twitter:card" content="summary_large_image" />
<script type="application/ld+json" class="yoast-schema-graph">{"@context":"https://schema.org","@graph":[{"@type":"WebPage","@id":"https://www.eglise-senartdraveil.fr/index.php/events/messes-de-noel/","url":"https://www.eglise-senartdraveil.fr/index.php/events/messes-de-noel/","name":"Messes de Noël - Secteur pastoral de Draveil - St-Jean-Paul II","isPartOf":{"@id":"https://www.eglise-senartdraveil.fr/#website"},"primaryImageOfPage":{"@id":"https://www.eglise-senartdraveil.fr/index.php/events/messes-de-noel/#primaryimage"},"image":{"@id":"https://www.eglise-senartdraveil.fr/index.php/events/messes-de-noel/#primaryimage"},"thumbnailUrl":"https://www.eglise-senartdraveil.fr/wp-content/uploads/2023/11/noel2023.jpg","datePublished":"2023-11-25T11:15:53+00:00","breadcrumb":{"@id":"https://www.eglise-senartdraveil.fr/index.php/events/messes-de-noel/#breadcrumb"},"inLanguage":"fr-FR","potentialAction":[{"@type":"ReadAction","target":["https://www.eglise-senartdraveil.fr/index.php/events/messes-de-noel/"]}]},{"@type":"ImageObject","inLanguage":"fr-FR","@id":"https://www.eglise-senartdraveil.fr/index.php/events/messes-de-noel/#primaryimage","url":"https://www.eglise-senartdraveil.fr/wp-content/uploads/2023/11/noel2023.jpg","contentUrl":"https://www.eglise-senartdraveil.fr/wp-content/uploads/2023/11/noel2023.jpg","width":449,"height":679},{"@type":"BreadcrumbList","@id":"https://www.eglise-senartdraveil.fr/index.php/events/messes-de-noel/#breadcrumb","itemListElement":[{"@type":"ListItem","position":1,"name":"Home","item":"https://www.eglise-senartdraveil.fr/"},{"@type":"ListItem","position":2,"name":"Évenements","item":"https://www.eglise-senartdraveil.fr/index.php/events/"},{"@type":"ListItem","position":3,"name":"Messes de Noël"}]},{"@type":"WebSite","@id":"https://www.eglise-senartdraveil.fr/#website","url":"https://www.eglise-senartdraveil.fr/","name":"Secteur pastoral de Draveil - St-Jean-Paul II","description":"","potentialAction":[{"@type":"SearchAction","target":{"@type":"EntryPoint","urlTemplate":"https://www.eglise-senartdraveil.fr/?s={search_term_string}"},"query-input":{"@type":"PropertyValueSpecification","valueRequired":true,"valueName":"search_term_string"}}],"inLanguage":"fr-FR"}]}</script>
<!-- / Yoast SEO plugin. -->

Messes de Noël - Secteur pastoral de Draveil - St-Jean-Paul II

Retrouvez tous les horaires des messes de Noël du secteur : Dimanche 24 décembre &#8211; Veillée de Noël • Vigneux

Évenements
