{"id":2243,"date":"2023-05-15T14:25:30","date_gmt":"2023-05-15T12:25:30","guid":{"rendered":"https:\/\/www.eglise-senartdraveil.fr\/?post_type=mec-events&#038;p=2243"},"modified":"2023-05-15T14:25:30","modified_gmt":"2023-05-15T12:25:30","slug":"pelerinage-des-meres-de-famille-de-lessonne","status":"publish","type":"mec-events","link":"https:\/\/www.eglise-senartdraveil.fr\/index.php\/events\/pelerinage-des-meres-de-famille-de-lessonne\/","title":{"rendered":"P\u00e8lerinage des M\u00e8res de Famille de l&#8217;Essonne"},"content":{"rendered":"<p><strong>&#8220;Tu as du prix de mes yeux, tu as de la valeur et je t&#8217;aime.&#8221;<\/strong> Isa\u00efe 43,4<\/p>\n<p>Le Seigneur nous aime\u00a0! Cette bonne nouvelle, d\u00e9j\u00e0 annonc\u00e9e dans l\u2019Ancien Testament, est sans cesse rappel\u00e9e par J\u00e9sus dans l\u2019Evangile\u00a0!<\/p>\n<p>Ce sera le th\u00e8me du prochain <strong>P\u00e8lerinage des M\u00e8res de Famille de l&#8217;Essonne<\/strong> qui aura lieu <strong><u>samedi 10 juin 2023 \u00e0 Longpont sur Orge<\/u> \u00e0 partir de 8h00<\/strong>.<\/p>\n<p>Faites-vous ce cadeau et venez <strong>\u00e9couter<\/strong> (enseignements), <strong>marcher<\/strong> (boucle de 12 km), <strong>prier <\/strong>(messe\/adoration\/confessions) et <strong>\u00e9changer<\/strong> avec d&#8217;autres m\u00e8res et grand-m\u00e8res tout au long de cette journ\u00e9e.<\/p>\n<p>Ce moment est pour vous, alors rejoignez-nous.<\/p>\n<p>Des affiches et des bulletins d\u2019inscriptions sont disponibles dans les \u00e9glises de l&#8217;Essonne ou via le site web du dioc\u00e8se\u00a0:<\/p>\n<p><a href=\"https:\/\/www.pelerinages-evry.catholique.fr\/IMG\/pdf\/bi_pmf_2023.pdf\">https:\/\/www.pelerinages-evry.catholique.fr\/IMG\/pdf\/bi_pmf_2023.pdf<\/a><\/p>\n<p>Pour toute autre question \u00e9crire \u00e0\u00a0: <strong>pmf91longpont@gmail<\/strong><\/p>\n","protected":false},"excerpt":{"rendered":"<p>&#8220;Tu as du prix de mes yeux, tu as de la valeur et je t&#8217;aime.&#8221; Isa\u00efe 43,4 Le Seigneur nous<\/p>\n","protected":false},"author":1,"featured_media":1682,"comment_status":"closed","ping_status":"closed","template":"","tags":[],"mec_category":[28],"class_list":["post-2243","mec-events","type-mec-events","status-publish","has-post-thumbnail","hentry","mec_category-actualites"],"yoast_head":"<!-- This site is optimized with the Yoast SEO plugin v25.8 - https:\/\/yoast.com\/wordpress\/plugins\/seo\/ -->\n<title>P\u00e8lerinage des M\u00e8res de Famille de l&#039;Essonne - Secteur pastoral de Draveil - St-Jean-Paul II<\/title>\n<meta name=\"robots\" content=\"index, follow, max-snippet:-1, max-image-preview:large, max-video-preview:-1\" \/>\n<link rel=\"canonical\" href=\"https:\/\/www.eglise-senartdraveil.fr\/index.php\/events\/pelerinage-des-meres-de-famille-de-lessonne\/\" \/>\n<meta property=\"og:locale\" content=\"fr_FR\" \/>\n<meta property=\"og:type\" content=\"article\" \/>\n<meta property=\"og:title\" content=\"P\u00e8lerinage des M\u00e8res de Famille de l&#039;Essonne - Secteur pastoral de Draveil - St-Jean-Paul II\" \/>\n<meta property=\"og:description\" content=\"&#8220;Tu as du prix de mes yeux, tu as de la valeur et je t&#8217;aime.&#8221; Isa\u00efe 43,4 Le Seigneur nous\" \/>\n<meta property=\"og:url\" content=\"https:\/\/www.eglise-senartdraveil.fr\/index.php\/events\/pelerinage-des-meres-de-famille-de-lessonne\/\" \/>\n<meta property=\"og:site_name\" content=\"Secteur pastoral de Draveil - St-Jean-Paul II\" \/>\n<meta property=\"og:image\" content=\"https:\/\/www.eglise-senartdraveil.fr\/wp-content\/uploads\/2021\/09\/randonnee.jpg\" \/>\n\t<meta property=\"og:image:width\" content=\"512\" \/>\n\t<meta property=\"og:image:height\" content=\"266\" \/>\n\t<meta property=\"og:image:type\" content=\"image\/jpeg\" \/>\n<meta name=\"twitter:card\" content=\"summary_large_image\" \/>\n<meta name=\"twitter:label1\" content=\"Dur\u00e9e de lecture estim\u00e9e\" \/>\n\t<meta name=\"twitter:data1\" content=\"1 minute\" \/>\n<script type=\"application\/ld+json\" class=\"yoast-schema-graph\">{\"@context\":\"https:\/\/schema.org\",\"@graph\":[{\"@type\":\"WebPage\",\"@id\":\"https:\/\/www.eglise-senartdraveil.fr\/index.php\/events\/pelerinage-des-meres-de-famille-de-lessonne\/\",\"url\":\"https:\/\/www.eglise-senartdraveil.fr\/index.php\/events\/pelerinage-des-meres-de-famille-de-lessonne\/\",\"name\":\"P\u00e8lerinage des M\u00e8res de Famille de l'Essonne - Secteur pastoral de Draveil - St-Jean-Paul II\",\"isPartOf\":{\"@id\":\"https:\/\/www.eglise-senartdraveil.fr\/#website\"},\"primaryImageOfPage\":{\"@id\":\"https:\/\/www.eglise-senartdraveil.fr\/index.php\/events\/pelerinage-des-meres-de-famille-de-lessonne\/#primaryimage\"},\"image\":{\"@id\":\"https:\/\/www.eglise-senartdraveil.fr\/index.php\/events\/pelerinage-des-meres-de-famille-de-lessonne\/#primaryimage\"},\"thumbnailUrl\":\"https:\/\/www.eglise-senartdraveil.fr\/wp-content\/uploads\/2021\/09\/randonnee.jpg\",\"datePublished\":\"2023-05-15T12:25:30+00:00\",\"breadcrumb\":{\"@id\":\"https:\/\/www.eglise-senartdraveil.fr\/index.php\/events\/pelerinage-des-meres-de-famille-de-lessonne\/#breadcrumb\"},\"inLanguage\":\"fr-FR\",\"potentialAction\":[{\"@type\":\"ReadAction\",\"target\":[\"https:\/\/www.eglise-senartdraveil.fr\/index.php\/events\/pelerinage-des-meres-de-famille-de-lessonne\/\"]}]},{\"@type\":\"ImageObject\",\"inLanguage\":\"fr-FR\",\"@id\":\"https:\/\/www.eglise-senartdraveil.fr\/index.php\/events\/pelerinage-des-meres-de-famille-de-lessonne\/#primaryimage\",\"url\":\"https:\/\/www.eglise-senartdraveil.fr\/wp-content\/uploads\/2021\/09\/randonnee.jpg\",\"contentUrl\":\"https:\/\/www.eglise-senartdraveil.fr\/wp-content\/uploads\/2021\/09\/randonnee.jpg\",\"width\":512,\"height\":266},{\"@type\":\"BreadcrumbList\",\"@id\":\"https:\/\/www.eglise-senartdraveil.fr\/index.php\/events\/pelerinage-des-meres-de-famille-de-lessonne\/#breadcrumb\",\"itemListElement\":[{\"@type\":\"ListItem\",\"position\":1,\"name\":\"Home\",\"item\":\"https:\/\/www.eglise-senartdraveil.fr\/\"},{\"@type\":\"ListItem\",\"position\":2,\"name\":\"\u00c9venements\",\"item\":\"https:\/\/www.eglise-senartdraveil.fr\/index.php\/events\/\"},{\"@type\":\"ListItem\",\"position\":3,\"name\":\"P\u00e8lerinage des M\u00e8res de Famille de l&rsquo;Essonne\"}]},{\"@type\":\"WebSite\",\"@id\":\"https:\/\/www.eglise-senartdraveil.fr\/#website\",\"url\":\"https:\/\/www.eglise-senartdraveil.fr\/\",\"name\":\"Secteur pastoral de Draveil - St-Jean-Paul II\",\"description\":\"\",\"potentialAction\":[{\"@type\":\"SearchAction\",\"target\":{\"@type\":\"EntryPoint\",\"urlTemplate\":\"https:\/\/www.eglise-senartdraveil.fr\/?s={search_term_string}\"},\"query-input\":{\"@type\":\"PropertyValueSpecification\",\"valueRequired\":true,\"valueName\":\"search_term_string\"}}],\"inLanguage\":\"fr-FR\"}]}<\/script>\n<!-- \/ Yoast SEO plugin. -->","yoast_head_json":{"title":"P\u00e8lerinage des M\u00e8res de Famille de l'Essonne - Secteur pastoral de Draveil - St-Jean-Paul II","robots":{"index":"index","follow":"follow","max-snippet":"max-snippet:-1","max-image-preview":"max-image-preview:large","max-video-preview":"max-video-preview:-1"},"canonical":"https:\/\/www.eglise-senartdraveil.fr\/index.php\/events\/pelerinage-des-meres-de-famille-de-lessonne\/","og_locale":"fr_FR","og_type":"article","og_title":"P\u00e8lerinage des M\u00e8res de Famille de l'Essonne - Secteur pastoral de Draveil - St-Jean-Paul II","og_description":"&#8220;Tu as du prix de mes yeux, tu as de la valeur et je t&#8217;aime.&#8221; Isa\u00efe 43,4 Le Seigneur nous","og_url":"https:\/\/www.eglise-senartdraveil.fr\/index.php\/events\/pelerinage-des-meres-de-famille-de-lessonne\/","og_site_name":"Secteur pastoral de Draveil - St-Jean-Paul II","og_image":[{"width":512,"height":266,"url":"https:\/\/www.eglise-senartdraveil.fr\/wp-content\/uploads\/2021\/09\/randonnee.jpg","type":"image\/jpeg"}],"twitter_card":"summary_large_image","twitter_misc":{"Dur\u00e9e de lecture estim\u00e9e":"1 minute"},"schema":{"@context":"https:\/\/schema.org","@graph":[{"@type":"WebPage","@id":"https:\/\/www.eglise-senartdraveil.fr\/index.php\/events\/pelerinage-des-meres-de-famille-de-lessonne\/","url":"https:\/\/www.eglise-senartdraveil.fr\/index.php\/events\/pelerinage-des-meres-de-famille-de-lessonne\/","name":"P\u00e8lerinage des M\u00e8res de Famille de l'Essonne - Secteur pastoral de Draveil - St-Jean-Paul II","isPartOf":{"@id":"https:\/\/www.eglise-senartdraveil.fr\/#website"},"primaryImageOfPage":{"@id":"https:\/\/www.eglise-senartdraveil.fr\/index.php\/events\/pelerinage-des-meres-de-famille-de-lessonne\/#primaryimage"},"image":{"@id":"https:\/\/www.eglise-senartdraveil.fr\/index.php\/events\/pelerinage-des-meres-de-famille-de-lessonne\/#primaryimage"},"thumbnailUrl":"https:\/\/www.eglise-senartdraveil.fr\/wp-content\/uploads\/2021\/09\/randonnee.jpg","datePublished":"2023-05-15T12:25:30+00:00","breadcrumb":{"@id":"https:\/\/www.eglise-senartdraveil.fr\/index.php\/events\/pelerinage-des-meres-de-famille-de-lessonne\/#breadcrumb"},"inLanguage":"fr-FR","potentialAction":[{"@type":"ReadAction","target":["https:\/\/www.eglise-senartdraveil.fr\/index.php\/events\/pelerinage-des-meres-de-famille-de-lessonne\/"]}]},{"@type":"ImageObject","inLanguage":"fr-FR","@id":"https:\/\/www.eglise-senartdraveil.fr\/index.php\/events\/pelerinage-des-meres-de-famille-de-lessonne\/#primaryimage","url":"https:\/\/www.eglise-senartdraveil.fr\/wp-content\/uploads\/2021\/09\/randonnee.jpg","contentUrl":"https:\/\/www.eglise-senartdraveil.fr\/wp-content\/uploads\/2021\/09\/randonnee.jpg","width":512,"height":266},{"@type":"BreadcrumbList","@id":"https:\/\/www.eglise-senartdraveil.fr\/index.php\/events\/pelerinage-des-meres-de-famille-de-lessonne\/#breadcrumb","itemListElement":[{"@type":"ListItem","position":1,"name":"Home","item":"https:\/\/www.eglise-senartdraveil.fr\/"},{"@type":"ListItem","position":2,"name":"\u00c9venements","item":"https:\/\/www.eglise-senartdraveil.fr\/index.php\/events\/"},{"@type":"ListItem","position":3,"name":"P\u00e8lerinage des M\u00e8res de Famille de l&rsquo;Essonne"}]},{"@type":"WebSite","@id":"https:\/\/www.eglise-senartdraveil.fr\/#website","url":"https:\/\/www.eglise-senartdraveil.fr\/","name":"Secteur pastoral de Draveil - St-Jean-Paul II","description":"","potentialAction":[{"@type":"SearchAction","target":{"@type":"EntryPoint","urlTemplate":"https:\/\/www.eglise-senartdraveil.fr\/?s={search_term_string}"},"query-input":{"@type":"PropertyValueSpecification","valueRequired":true,"valueName":"search_term_string"}}],"inLanguage":"fr-FR"}]}},"_links":{"self":[{"href":"https:\/\/www.eglise-senartdraveil.fr\/index.php\/wp-json\/wp\/v2\/mec-events\/2243","targetHints":{"allow":["GET"]}}],"collection":[{"href":"https:\/\/www.eglise-senartdraveil.fr\/index.php\/wp-json\/wp\/v2\/mec-events"}],"about":[{"href":"https:\/\/www.eglise-senartdraveil.fr\/index.php\/wp-json\/wp\/v2\/types\/mec-events"}],"author":[{"embeddable":true,"href":"https:\/\/www.eglise-senartdraveil.fr\/index.php\/wp-json\/wp\/v2\/users\/1"}],"replies":[{"embeddable":true,"href":"https:\/\/www.eglise-senartdraveil.fr\/index.php\/wp-json\/wp\/v2\/comments?post=2243"}],"wp:featuredmedia":[{"embeddable":true,"href":"https:\/\/www.eglise-senartdraveil.fr\/index.php\/wp-json\/wp\/v2\/media\/1682"}],"wp:attachment":[{"href":"https:\/\/www.eglise-senartdraveil.fr\/index.php\/wp-json\/wp\/v2\/media?parent=2243"}],"wp:term":[{"taxonomy":"post_tag","embeddable":true,"href":"https:\/\/www.eglise-senartdraveil.fr\/index.php\/wp-json\/wp\/v2\/tags?post=2243"},{"taxonomy":"mec_category","embeddable":true,"href":"https:\/\/www.eglise-senartdraveil.fr\/index.php\/wp-json\/wp\/v2\/mec_category?post=2243"}],"curies":[{"name":"wp","href":"https:\/\/api.w.org\/{rel}","templated":true}]}}

Pèlerinage des Mères de Famille de l&#8217;Essonne

<p><strong>&#8220;Tu as du prix de mes yeux, tu as de la valeur et je t&#8217;aime.&#8221;</strong> Isaïe 43,4</p>
<p>Le Seigneur nous aime ! Cette bonne nouvelle, déjà annoncée dans l’Ancien Testament, est sans cesse rappelée par Jésus dans l’Evangile !</p>
<p>Ce sera le thème du prochain <strong>Pèlerinage des Mères de Famille de l&#8217;Essonne</strong> qui aura lieu <strong><u>samedi 10 juin 2023 à Longpont sur Orge</u> à partir de 8h00</strong>.</p>
<p>Faites-vous ce cadeau et venez <strong>écouter</strong> (enseignements), <strong>marcher</strong> (boucle de 12 km), <strong>prier </strong>(messe/adoration/confessions) et <strong>échanger</strong> avec d&#8217;autres mères et grand-mères tout au long de cette journée.</p>
<p>Ce moment est pour vous, alors rejoignez-nous.</p>
<p>Des affiches et des bulletins d’inscriptions sont disponibles dans les églises de l&#8217;Essonne ou via le site web du diocèse :</p>
<p><a href="https://www.pelerinages-evry.catholique.fr/IMG/pdf/bi_pmf_2023.pdf">https://www.pelerinages-evry.catholique.fr/IMG/pdf/bi_pmf_2023.pdf</a></p>
<p>Pour toute autre question écrire à : <strong>pmf91longpont@gmail</strong></p>

<p>&#8220;Tu as du prix de mes yeux, tu as de la valeur et je t&#8217;aime.&#8221; Isaïe 43,4 Le Seigneur nous</p>

<!-- This site is optimized with the Yoast SEO plugin v25.8 - https://yoast.com/wordpress/plugins/seo/ -->
<title>Pèlerinage des Mères de Famille de l&#039;Essonne - Secteur pastoral de Draveil - St-Jean-Paul II</title>
<meta name="robots" content="index, follow, max-snippet:-1, max-image-preview:large, max-video-preview:-1" />
<link rel="canonical" href="https://www.eglise-senartdraveil.fr/index.php/events/pelerinage-des-meres-de-famille-de-lessonne/" />
<meta property="og:locale" content="fr_FR" />
<meta property="og:type" content="article" />
<meta property="og:title" content="Pèlerinage des Mères de Famille de l&#039;Essonne - Secteur pastoral de Draveil - St-Jean-Paul II" />
<meta property="og:description" content="&#8220;Tu as du prix de mes yeux, tu as de la valeur et je t&#8217;aime.&#8221; Isaïe 43,4 Le Seigneur nous" />
<meta property="og:url" content="https://www.eglise-senartdraveil.fr/index.php/events/pelerinage-des-meres-de-famille-de-lessonne/" />
<meta property="og:site_name" content="Secteur pastoral de Draveil - St-Jean-Paul II" />
<meta property="og:image" content="https://www.eglise-senartdraveil.fr/wp-content/uploads/2021/09/randonnee.jpg" />
	<meta property="og:image:width" content="512" />
	<meta property="og:image:height" content="266" />
	<meta property="og:image:type" content="image/jpeg" />
<meta name="twitter:card" content="summary_large_image" />
<meta name="twitter:label1" content="Durée de lecture estimée" />
	<meta name="twitter:data1" content="1 minute" />
<script type="application/ld+json" class="yoast-schema-graph">{"@context":"https://schema.org","@graph":[{"@type":"WebPage","@id":"https://www.eglise-senartdraveil.fr/index.php/events/pelerinage-des-meres-de-famille-de-lessonne/","url":"https://www.eglise-senartdraveil.fr/index.php/events/pelerinage-des-meres-de-famille-de-lessonne/","name":"Pèlerinage des Mères de Famille de l'Essonne - Secteur pastoral de Draveil - St-Jean-Paul II","isPartOf":{"@id":"https://www.eglise-senartdraveil.fr/#website"},"primaryImageOfPage":{"@id":"https://www.eglise-senartdraveil.fr/index.php/events/pelerinage-des-meres-de-famille-de-lessonne/#primaryimage"},"image":{"@id":"https://www.eglise-senartdraveil.fr/index.php/events/pelerinage-des-meres-de-famille-de-lessonne/#primaryimage"},"thumbnailUrl":"https://www.eglise-senartdraveil.fr/wp-content/uploads/2021/09/randonnee.jpg","datePublished":"2023-05-15T12:25:30+00:00","breadcrumb":{"@id":"https://www.eglise-senartdraveil.fr/index.php/events/pelerinage-des-meres-de-famille-de-lessonne/#breadcrumb"},"inLanguage":"fr-FR","potentialAction":[{"@type":"ReadAction","target":["https://www.eglise-senartdraveil.fr/index.php/events/pelerinage-des-meres-de-famille-de-lessonne/"]}]},{"@type":"ImageObject","inLanguage":"fr-FR","@id":"https://www.eglise-senartdraveil.fr/index.php/events/pelerinage-des-meres-de-famille-de-lessonne/#primaryimage","url":"https://www.eglise-senartdraveil.fr/wp-content/uploads/2021/09/randonnee.jpg","contentUrl":"https://www.eglise-senartdraveil.fr/wp-content/uploads/2021/09/randonnee.jpg","width":512,"height":266},{"@type":"BreadcrumbList","@id":"https://www.eglise-senartdraveil.fr/index.php/events/pelerinage-des-meres-de-famille-de-lessonne/#breadcrumb","itemListElement":[{"@type":"ListItem","position":1,"name":"Home","item":"https://www.eglise-senartdraveil.fr/"},{"@type":"ListItem","position":2,"name":"Évenements","item":"https://www.eglise-senartdraveil.fr/index.php/events/"},{"@type":"ListItem","position":3,"name":"Pèlerinage des Mères de Famille de l&rsquo;Essonne"}]},{"@type":"WebSite","@id":"https://www.eglise-senartdraveil.fr/#website","url":"https://www.eglise-senartdraveil.fr/","name":"Secteur pastoral de Draveil - St-Jean-Paul II","description":"","potentialAction":[{"@type":"SearchAction","target":{"@type":"EntryPoint","urlTemplate":"https://www.eglise-senartdraveil.fr/?s={search_term_string}"},"query-input":{"@type":"PropertyValueSpecification","valueRequired":true,"valueName":"search_term_string"}}],"inLanguage":"fr-FR"}]}</script>
<!-- / Yoast SEO plugin. -->

Pèlerinage des Mères de Famille de l'Essonne - Secteur pastoral de Draveil - St-Jean-Paul II

&#8220;Tu as du prix de mes yeux, tu as de la valeur et je t&#8217;aime.&#8221; Isaïe 43,4 Le Seigneur nous

Évenements

Pèlerinage des Mères de Famille de l&rsquo;Essonne
