{"id":1751,"date":"2021-11-09T20:55:39","date_gmt":"2021-11-09T19:55:39","guid":{"rendered":"https:\/\/www.eglise-senartdraveil.fr\/?post_type=mec-events&#038;p=1751"},"modified":"2021-11-09T20:56:57","modified_gmt":"2021-11-09T19:56:57","slug":"proposition-pour-leglise-reunion","status":"publish","type":"mec-events","link":"https:\/\/www.eglise-senartdraveil.fr\/index.php\/events\/proposition-pour-leglise-reunion\/","title":{"rendered":"Propositions pour l&#8217;Eglise &#8211; r\u00e9union"},"content":{"rendered":"<p>Il y a quelque temps, nous vous demandions de dire ce que vous aimiez dans l\u2019\u00c9glise et ce que vous auriez voulu voir changer.<br \/>\nVos remarques \u00e9taient globalement positives et constructives, ce qui traduit votre capacit\u00e9 \u00e0 vous sentir concern\u00e9s et participants \u00e0 la vie de notre \u00c9glise.<br \/>\nEn ce qui concernent les propositions pour l\u2019\u00c9glise universelle, le sujet nous a paru n\u00e9cessiter une r\u00e9union d\u00e9bat pour approfondir les discussions et d\u00e9cider ensemble de ce que nous pourrions faire parvenir au dioc\u00e8se pour le synode sur la synodalit\u00e9. Nous avons arr\u00eat\u00e9 la date de vendredi prochain, 12 novembre \u00e0 20h30, dans l\u2019\u00e9glise. Nous esp\u00e9rons vous y retrouver nombreux.<\/p>\n","protected":false},"excerpt":{"rendered":"<p>Il y a quelque temps, nous vous demandions de dire ce que vous aimiez dans l\u2019\u00c9glise et ce que vous<\/p>\n","protected":false},"author":1,"featured_media":1009,"comment_status":"closed","ping_status":"closed","template":"","tags":[],"mec_category":[28,24],"class_list":["post-1751","mec-events","type-mec-events","status-publish","has-post-thumbnail","hentry","mec_category-actualites","mec_category-vie-paroissiale"],"yoast_head":"<!-- This site is optimized with the Yoast SEO plugin v25.8 - https:\/\/yoast.com\/wordpress\/plugins\/seo\/ -->\n<title>Propositions pour l&#039;Eglise - r\u00e9union - Secteur pastoral de Draveil - St-Jean-Paul II<\/title>\n<meta name=\"robots\" content=\"index, follow, max-snippet:-1, max-image-preview:large, max-video-preview:-1\" \/>\n<link rel=\"canonical\" href=\"https:\/\/www.eglise-senartdraveil.fr\/index.php\/events\/proposition-pour-leglise-reunion\/\" \/>\n<meta property=\"og:locale\" content=\"fr_FR\" \/>\n<meta property=\"og:type\" content=\"article\" \/>\n<meta property=\"og:title\" content=\"Propositions pour l&#039;Eglise - r\u00e9union - Secteur pastoral de Draveil - St-Jean-Paul II\" \/>\n<meta property=\"og:description\" content=\"Il y a quelque temps, nous vous demandions de dire ce que vous aimiez dans l\u2019\u00c9glise et ce que vous\" \/>\n<meta property=\"og:url\" content=\"https:\/\/www.eglise-senartdraveil.fr\/index.php\/events\/proposition-pour-leglise-reunion\/\" \/>\n<meta property=\"og:site_name\" content=\"Secteur pastoral de Draveil - St-Jean-Paul II\" \/>\n<meta property=\"article:modified_time\" content=\"2021-11-09T19:56:57+00:00\" \/>\n<meta property=\"og:image\" content=\"https:\/\/www.eglise-senartdraveil.fr\/wp-content\/uploads\/2020\/10\/image_2020-10-13_231010.png\" \/>\n\t<meta property=\"og:image:width\" content=\"960\" \/>\n\t<meta property=\"og:image:height\" content=\"387\" \/>\n\t<meta property=\"og:image:type\" content=\"image\/png\" \/>\n<meta name=\"twitter:card\" content=\"summary_large_image\" \/>\n<meta name=\"twitter:label1\" content=\"Dur\u00e9e de lecture estim\u00e9e\" \/>\n\t<meta name=\"twitter:data1\" content=\"1 minute\" \/>\n<script type=\"application\/ld+json\" class=\"yoast-schema-graph\">{\"@context\":\"https:\/\/schema.org\",\"@graph\":[{\"@type\":\"WebPage\",\"@id\":\"https:\/\/www.eglise-senartdraveil.fr\/index.php\/events\/proposition-pour-leglise-reunion\/\",\"url\":\"https:\/\/www.eglise-senartdraveil.fr\/index.php\/events\/proposition-pour-leglise-reunion\/\",\"name\":\"Propositions pour l'Eglise - r\u00e9union - Secteur pastoral de Draveil - St-Jean-Paul II\",\"isPartOf\":{\"@id\":\"https:\/\/www.eglise-senartdraveil.fr\/#website\"},\"primaryImageOfPage\":{\"@id\":\"https:\/\/www.eglise-senartdraveil.fr\/index.php\/events\/proposition-pour-leglise-reunion\/#primaryimage\"},\"image\":{\"@id\":\"https:\/\/www.eglise-senartdraveil.fr\/index.php\/events\/proposition-pour-leglise-reunion\/#primaryimage\"},\"thumbnailUrl\":\"https:\/\/www.eglise-senartdraveil.fr\/wp-content\/uploads\/2020\/10\/image_2020-10-13_231010.png\",\"datePublished\":\"2021-11-09T19:55:39+00:00\",\"dateModified\":\"2021-11-09T19:56:57+00:00\",\"breadcrumb\":{\"@id\":\"https:\/\/www.eglise-senartdraveil.fr\/index.php\/events\/proposition-pour-leglise-reunion\/#breadcrumb\"},\"inLanguage\":\"fr-FR\",\"potentialAction\":[{\"@type\":\"ReadAction\",\"target\":[\"https:\/\/www.eglise-senartdraveil.fr\/index.php\/events\/proposition-pour-leglise-reunion\/\"]}]},{\"@type\":\"ImageObject\",\"inLanguage\":\"fr-FR\",\"@id\":\"https:\/\/www.eglise-senartdraveil.fr\/index.php\/events\/proposition-pour-leglise-reunion\/#primaryimage\",\"url\":\"https:\/\/www.eglise-senartdraveil.fr\/wp-content\/uploads\/2020\/10\/image_2020-10-13_231010.png\",\"contentUrl\":\"https:\/\/www.eglise-senartdraveil.fr\/wp-content\/uploads\/2020\/10\/image_2020-10-13_231010.png\",\"width\":960,\"height\":387},{\"@type\":\"BreadcrumbList\",\"@id\":\"https:\/\/www.eglise-senartdraveil.fr\/index.php\/events\/proposition-pour-leglise-reunion\/#breadcrumb\",\"itemListElement\":[{\"@type\":\"ListItem\",\"position\":1,\"name\":\"Home\",\"item\":\"https:\/\/www.eglise-senartdraveil.fr\/\"},{\"@type\":\"ListItem\",\"position\":2,\"name\":\"\u00c9venements\",\"item\":\"https:\/\/www.eglise-senartdraveil.fr\/index.php\/events\/\"},{\"@type\":\"ListItem\",\"position\":3,\"name\":\"Propositions pour l&rsquo;Eglise &#8211; r\u00e9union\"}]},{\"@type\":\"WebSite\",\"@id\":\"https:\/\/www.eglise-senartdraveil.fr\/#website\",\"url\":\"https:\/\/www.eglise-senartdraveil.fr\/\",\"name\":\"Secteur pastoral de Draveil - St-Jean-Paul II\",\"description\":\"\",\"potentialAction\":[{\"@type\":\"SearchAction\",\"target\":{\"@type\":\"EntryPoint\",\"urlTemplate\":\"https:\/\/www.eglise-senartdraveil.fr\/?s={search_term_string}\"},\"query-input\":{\"@type\":\"PropertyValueSpecification\",\"valueRequired\":true,\"valueName\":\"search_term_string\"}}],\"inLanguage\":\"fr-FR\"}]}<\/script>\n<!-- \/ Yoast SEO plugin. -->","yoast_head_json":{"title":"Propositions pour l'Eglise - r\u00e9union - Secteur pastoral de Draveil - St-Jean-Paul II","robots":{"index":"index","follow":"follow","max-snippet":"max-snippet:-1","max-image-preview":"max-image-preview:large","max-video-preview":"max-video-preview:-1"},"canonical":"https:\/\/www.eglise-senartdraveil.fr\/index.php\/events\/proposition-pour-leglise-reunion\/","og_locale":"fr_FR","og_type":"article","og_title":"Propositions pour l'Eglise - r\u00e9union - Secteur pastoral de Draveil - St-Jean-Paul II","og_description":"Il y a quelque temps, nous vous demandions de dire ce que vous aimiez dans l\u2019\u00c9glise et ce que vous","og_url":"https:\/\/www.eglise-senartdraveil.fr\/index.php\/events\/proposition-pour-leglise-reunion\/","og_site_name":"Secteur pastoral de Draveil - St-Jean-Paul II","article_modified_time":"2021-11-09T19:56:57+00:00","og_image":[{"width":960,"height":387,"url":"https:\/\/www.eglise-senartdraveil.fr\/wp-content\/uploads\/2020\/10\/image_2020-10-13_231010.png","type":"image\/png"}],"twitter_card":"summary_large_image","twitter_misc":{"Dur\u00e9e de lecture estim\u00e9e":"1 minute"},"schema":{"@context":"https:\/\/schema.org","@graph":[{"@type":"WebPage","@id":"https:\/\/www.eglise-senartdraveil.fr\/index.php\/events\/proposition-pour-leglise-reunion\/","url":"https:\/\/www.eglise-senartdraveil.fr\/index.php\/events\/proposition-pour-leglise-reunion\/","name":"Propositions pour l'Eglise - r\u00e9union - Secteur pastoral de Draveil - St-Jean-Paul II","isPartOf":{"@id":"https:\/\/www.eglise-senartdraveil.fr\/#website"},"primaryImageOfPage":{"@id":"https:\/\/www.eglise-senartdraveil.fr\/index.php\/events\/proposition-pour-leglise-reunion\/#primaryimage"},"image":{"@id":"https:\/\/www.eglise-senartdraveil.fr\/index.php\/events\/proposition-pour-leglise-reunion\/#primaryimage"},"thumbnailUrl":"https:\/\/www.eglise-senartdraveil.fr\/wp-content\/uploads\/2020\/10\/image_2020-10-13_231010.png","datePublished":"2021-11-09T19:55:39+00:00","dateModified":"2021-11-09T19:56:57+00:00","breadcrumb":{"@id":"https:\/\/www.eglise-senartdraveil.fr\/index.php\/events\/proposition-pour-leglise-reunion\/#breadcrumb"},"inLanguage":"fr-FR","potentialAction":[{"@type":"ReadAction","target":["https:\/\/www.eglise-senartdraveil.fr\/index.php\/events\/proposition-pour-leglise-reunion\/"]}]},{"@type":"ImageObject","inLanguage":"fr-FR","@id":"https:\/\/www.eglise-senartdraveil.fr\/index.php\/events\/proposition-pour-leglise-reunion\/#primaryimage","url":"https:\/\/www.eglise-senartdraveil.fr\/wp-content\/uploads\/2020\/10\/image_2020-10-13_231010.png","contentUrl":"https:\/\/www.eglise-senartdraveil.fr\/wp-content\/uploads\/2020\/10\/image_2020-10-13_231010.png","width":960,"height":387},{"@type":"BreadcrumbList","@id":"https:\/\/www.eglise-senartdraveil.fr\/index.php\/events\/proposition-pour-leglise-reunion\/#breadcrumb","itemListElement":[{"@type":"ListItem","position":1,"name":"Home","item":"https:\/\/www.eglise-senartdraveil.fr\/"},{"@type":"ListItem","position":2,"name":"\u00c9venements","item":"https:\/\/www.eglise-senartdraveil.fr\/index.php\/events\/"},{"@type":"ListItem","position":3,"name":"Propositions pour l&rsquo;Eglise &#8211; r\u00e9union"}]},{"@type":"WebSite","@id":"https:\/\/www.eglise-senartdraveil.fr\/#website","url":"https:\/\/www.eglise-senartdraveil.fr\/","name":"Secteur pastoral de Draveil - St-Jean-Paul II","description":"","potentialAction":[{"@type":"SearchAction","target":{"@type":"EntryPoint","urlTemplate":"https:\/\/www.eglise-senartdraveil.fr\/?s={search_term_string}"},"query-input":{"@type":"PropertyValueSpecification","valueRequired":true,"valueName":"search_term_string"}}],"inLanguage":"fr-FR"}]}},"_links":{"self":[{"href":"https:\/\/www.eglise-senartdraveil.fr\/index.php\/wp-json\/wp\/v2\/mec-events\/1751","targetHints":{"allow":["GET"]}}],"collection":[{"href":"https:\/\/www.eglise-senartdraveil.fr\/index.php\/wp-json\/wp\/v2\/mec-events"}],"about":[{"href":"https:\/\/www.eglise-senartdraveil.fr\/index.php\/wp-json\/wp\/v2\/types\/mec-events"}],"author":[{"embeddable":true,"href":"https:\/\/www.eglise-senartdraveil.fr\/index.php\/wp-json\/wp\/v2\/users\/1"}],"replies":[{"embeddable":true,"href":"https:\/\/www.eglise-senartdraveil.fr\/index.php\/wp-json\/wp\/v2\/comments?post=1751"}],"wp:featuredmedia":[{"embeddable":true,"href":"https:\/\/www.eglise-senartdraveil.fr\/index.php\/wp-json\/wp\/v2\/media\/1009"}],"wp:attachment":[{"href":"https:\/\/www.eglise-senartdraveil.fr\/index.php\/wp-json\/wp\/v2\/media?parent=1751"}],"wp:term":[{"taxonomy":"post_tag","embeddable":true,"href":"https:\/\/www.eglise-senartdraveil.fr\/index.php\/wp-json\/wp\/v2\/tags?post=1751"},{"taxonomy":"mec_category","embeddable":true,"href":"https:\/\/www.eglise-senartdraveil.fr\/index.php\/wp-json\/wp\/v2\/mec_category?post=1751"}],"curies":[{"name":"wp","href":"https:\/\/api.w.org\/{rel}","templated":true}]}}

Propositions pour l&#8217;Eglise &#8211; réunion

<p>Il y a quelque temps, nous vous demandions de dire ce que vous aimiez dans l’Église et ce que vous auriez voulu voir changer.<br />
Vos remarques étaient globalement positives et constructives, ce qui traduit votre capacité à vous sentir concernés et participants à la vie de notre Église.<br />
En ce qui concernent les propositions pour l’Église universelle, le sujet nous a paru nécessiter une réunion débat pour approfondir les discussions et décider ensemble de ce que nous pourrions faire parvenir au diocèse pour le synode sur la synodalité. Nous avons arrêté la date de vendredi prochain, 12 novembre à 20h30, dans l’église. Nous espérons vous y retrouver nombreux.</p>

<p>Il y a quelque temps, nous vous demandions de dire ce que vous aimiez dans l’Église et ce que vous</p>

<!-- This site is optimized with the Yoast SEO plugin v25.8 - https://yoast.com/wordpress/plugins/seo/ -->
<title>Propositions pour l&#039;Eglise - réunion - Secteur pastoral de Draveil - St-Jean-Paul II</title>
<meta name="robots" content="index, follow, max-snippet:-1, max-image-preview:large, max-video-preview:-1" />
<link rel="canonical" href="https://www.eglise-senartdraveil.fr/index.php/events/proposition-pour-leglise-reunion/" />
<meta property="og:locale" content="fr_FR" />
<meta property="og:type" content="article" />
<meta property="og:title" content="Propositions pour l&#039;Eglise - réunion - Secteur pastoral de Draveil - St-Jean-Paul II" />
<meta property="og:description" content="Il y a quelque temps, nous vous demandions de dire ce que vous aimiez dans l’Église et ce que vous" />
<meta property="og:url" content="https://www.eglise-senartdraveil.fr/index.php/events/proposition-pour-leglise-reunion/" />
<meta property="og:site_name" content="Secteur pastoral de Draveil - St-Jean-Paul II" />
<meta property="article:modified_time" content="2021-11-09T19:56:57+00:00" />
<meta property="og:image" content="https://www.eglise-senartdraveil.fr/wp-content/uploads/2020/10/image_2020-10-13_231010.png" />
	<meta property="og:image:width" content="960" />
	<meta property="og:image:height" content="387" />
	<meta property="og:image:type" content="image/png" />
<meta name="twitter:card" content="summary_large_image" />
<meta name="twitter:label1" content="Durée de lecture estimée" />
	<meta name="twitter:data1" content="1 minute" />
<script type="application/ld+json" class="yoast-schema-graph">{"@context":"https://schema.org","@graph":[{"@type":"WebPage","@id":"https://www.eglise-senartdraveil.fr/index.php/events/proposition-pour-leglise-reunion/","url":"https://www.eglise-senartdraveil.fr/index.php/events/proposition-pour-leglise-reunion/","name":"Propositions pour l'Eglise - réunion - Secteur pastoral de Draveil - St-Jean-Paul II","isPartOf":{"@id":"https://www.eglise-senartdraveil.fr/#website"},"primaryImageOfPage":{"@id":"https://www.eglise-senartdraveil.fr/index.php/events/proposition-pour-leglise-reunion/#primaryimage"},"image":{"@id":"https://www.eglise-senartdraveil.fr/index.php/events/proposition-pour-leglise-reunion/#primaryimage"},"thumbnailUrl":"https://www.eglise-senartdraveil.fr/wp-content/uploads/2020/10/image_2020-10-13_231010.png","datePublished":"2021-11-09T19:55:39+00:00","dateModified":"2021-11-09T19:56:57+00:00","breadcrumb":{"@id":"https://www.eglise-senartdraveil.fr/index.php/events/proposition-pour-leglise-reunion/#breadcrumb"},"inLanguage":"fr-FR","potentialAction":[{"@type":"ReadAction","target":["https://www.eglise-senartdraveil.fr/index.php/events/proposition-pour-leglise-reunion/"]}]},{"@type":"ImageObject","inLanguage":"fr-FR","@id":"https://www.eglise-senartdraveil.fr/index.php/events/proposition-pour-leglise-reunion/#primaryimage","url":"https://www.eglise-senartdraveil.fr/wp-content/uploads/2020/10/image_2020-10-13_231010.png","contentUrl":"https://www.eglise-senartdraveil.fr/wp-content/uploads/2020/10/image_2020-10-13_231010.png","width":960,"height":387},{"@type":"BreadcrumbList","@id":"https://www.eglise-senartdraveil.fr/index.php/events/proposition-pour-leglise-reunion/#breadcrumb","itemListElement":[{"@type":"ListItem","position":1,"name":"Home","item":"https://www.eglise-senartdraveil.fr/"},{"@type":"ListItem","position":2,"name":"Évenements","item":"https://www.eglise-senartdraveil.fr/index.php/events/"},{"@type":"ListItem","position":3,"name":"Propositions pour l&rsquo;Eglise &#8211; réunion"}]},{"@type":"WebSite","@id":"https://www.eglise-senartdraveil.fr/#website","url":"https://www.eglise-senartdraveil.fr/","name":"Secteur pastoral de Draveil - St-Jean-Paul II","description":"","potentialAction":[{"@type":"SearchAction","target":{"@type":"EntryPoint","urlTemplate":"https://www.eglise-senartdraveil.fr/?s={search_term_string}"},"query-input":{"@type":"PropertyValueSpecification","valueRequired":true,"valueName":"search_term_string"}}],"inLanguage":"fr-FR"}]}</script>
<!-- / Yoast SEO plugin. -->

Propositions pour l'Eglise - réunion - Secteur pastoral de Draveil - St-Jean-Paul II

Il y a quelque temps, nous vous demandions de dire ce que vous aimiez dans l’Église et ce que vous

Évenements

Propositions pour l&rsquo;Eglise &#8211; réunion
